{"id":112261,"date":"2024-02-09T15:25:19","date_gmt":"2024-02-09T14:25:19","guid":{"rendered":"https:\/\/www.esteri.it\/it\/?post_type=bandi-e-gare&#038;p=112261"},"modified":"2024-05-24T14:53:38","modified_gmt":"2024-05-24T12:53:38","slug":"premio-residenze-calvino-islanda","status":"publish","type":"bandi-e-gare","link":"https:\/\/www.esteri.it\/it\/trasparenza_comunicazioni_legali\/bandi-gara-contratti\/atti-amministrazioni-aggiudicatrici\/avvisi-bandi-ed-inviti\/premio-residenze-calvino-islanda\/","title":{"rendered":"Premio Residenze Calvino \u2013 Islanda"},"content":{"rendered":"<p>Al via nel 2024 la prima edizione del Premio Residenze Calvino &#8211; Islanda, programma di residenza per traduttrici, traduttori, scrittrici e scrittori sul tema dell\u2019opera e del pensiero di Calvino, promosso dalla Direzione Generale per la Diplomazia Pubblica e Culturale del Ministero degli Affari Esteri e della Cooperazione Internazionale, dall\u2019Istituto Italiano di Cultura ad Oslo, con la Casa della letteratura Gr\u00f6ndalsh\u00fas di Reykjav\u00edk. Al vincitore\/vincitrice \u2013 selezionato\/a da una Commissione \u2013 verr\u00e0 offerta la possibilit\u00e0 di trascorrere un periodo di un mese a Reykjav\u00edk (1 al 30 settembre 2024), per un\u2019esperienza formativa e professionale sul tema dell\u2019opera e del pensiero di Calvino, a contatto con l\u2019ambiente culturale e artistico islandese.\u00a0 Alla fine del soggiorno il vincitore \/ la vincitrice organizzer\u00e0 in accordo con la sede ospitante un evento di restituzione finale.<\/p>\n<p>&nbsp;<\/p>\n","protected":false},"template":"","class_list":["post-112261","bandi-e-gare","type-bandi-e-gare","status-publish","hentry"],"_links":{"self":[{"href":"https:\/\/www.esteri.it\/it\/wp-json\/wp\/v2\/bandi-e-gare\/112261","targetHints":{"allow":["GET"]}}],"collection":[{"href":"https:\/\/www.esteri.it\/it\/wp-json\/wp\/v2\/bandi-e-gare"}],"about":[{"href":"https:\/\/www.esteri.it\/it\/wp-json\/wp\/v2\/types\/bandi-e-gare"}],"version-history":[{"count":1,"href":"https:\/\/www.esteri.it\/it\/wp-json\/wp\/v2\/bandi-e-gare\/112261\/revisions"}],"predecessor-version":[{"id":112264,"href":"https:\/\/www.esteri.it\/it\/wp-json\/wp\/v2\/bandi-e-gare\/112261\/revisions\/112264"}],"wp:attachment":[{"href":"https:\/\/www.esteri.it\/it\/wp-json\/wp\/v2\/media?parent=112261"}],"curies":[{"name":"wp","href":"https:\/\/api.w.org\/{rel}","templated":true}]}}

<p>Al via nel 2024 la prima edizione del Premio Residenze Calvino &#8211; Islanda, programma di residenza per traduttrici, traduttori, scrittrici e scrittori sul tema dell’opera e del pensiero di Calvino, promosso dalla Direzione Generale per la Diplomazia Pubblica e Culturale del Ministero degli Affari Esteri e della Cooperazione Internazionale, dall’Istituto Italiano di Cultura ad Oslo, con la Casa della letteratura Gröndalshús di Reykjavík. Al vincitore/vincitrice – selezionato/a da una Commissione – verrà offerta la possibilità di trascorrere un periodo di un mese a Reykjavík (1 al 30 settembre 2024), per un’esperienza formativa e professionale sul tema dell’opera e del pensiero di Calvino, a contatto con l’ambiente culturale e artistico islandese.  Alla fine del soggiorno il vincitore / la vincitrice organizzerà in accordo con la sede ospitante un evento di restituzione finale.</p>
<p>&nbsp;</p>
