{"id":144772,"date":"2025-09-01T11:53:09","date_gmt":"2025-09-01T09:53:09","guid":{"rendered":"https:\/\/www.esteri.it\/it\/?post_type=gemellaggi&#038;p=144772"},"modified":"2025-09-01T11:53:09","modified_gmt":"2025-09-01T09:53:09","slug":"renforcement-des-capacites-de-la-cour-des-comptes-du-royaume-du-maroc-en-certification-des-comptes-de-letat-en-evaluation-des-programmes-et-projets-publics-et-en-appreciation-de-lex","status":"publish","type":"gemellaggi","link":"https:\/\/www.esteri.it\/it\/servizi-opportunita\/opportunita\/nella_ue\/gemellaggi\/lista-gemellaggi\/renforcement-des-capacites-de-la-cour-des-comptes-du-royaume-du-maroc-en-certification-des-comptes-de-letat-en-evaluation-des-programmes-et-projets-publics-et-en-appreciation-de-lex\/","title":{"rendered":"Renforcement des capacit\u00e9s de la Cour des comptes du Royaume du Maroc en certification des comptes de l\u2019\u00e9tat, en \u00e9valuation des programmes et projets publics et en appr\u00e9ciation de l\u2019ex\u00e9cution budg\u00e9taire"},"content":{"rendered":"<p>La scadenza per la presentazione della proposta\u00a0a questo Punto di Contatto Nazionale \u00e8 il <strong>3 novembre 2025<\/strong>. La data di valutazione delle proposte \u00e8 fissata indicativamente a partire dal 14 novembre 2025. Eventuali richieste di chiarimenti dovranno invece essere indirizzate a questo Punto di Contatto Nazionale entro il 7 ottobre p.v.<\/p>\n<p>La\u00a0proposta dovr\u00e0 pervenire in formato elettronico al seguente indirizzo:\u00a0<span style=\"color: black;\"><a href=\"mailto:twinnings@esteri.it\" target=\"_blank\" rel=\"noopener\"><span style=\"font-family: 'Calibri',sans-serif;\">twinnings@esteri.it<\/span><\/a><\/span><span style=\"font-size: 11.0pt; font-family: 'Calibri',sans-serif; color: #1f497d;\">\u00a0\u00a0<\/span><\/p>\n<p><span style=\"font-size: 11.0pt; font-family: 'Calibri',sans-serif; color: black;\">\u00a0<\/span><b><u><\/u><\/b><\/p>\n<p>Avvertenza:s&#8217;informa che \u00e8 stata pubblicata dalla Commissione Europea una versione aggiornata al settembre 2022 del Manuale Twinning, disponibile sul sito web della Commissione al seguente indirizzo: <a href=\"https:\/\/neighbourhood-enlargement.ec.europa.eu\/document\/download\/17f3c568-9b56-4e05-beca-a35f003ac8b0_en\"><span style=\"font-size: 12.0pt;\">https:\/\/neighbourhood-enlargement.ec.europa.eu\/document\/download\/17f3c568-9b56-4e05-beca-a35f003ac8b0_en<\/span><\/a><\/p>\n","protected":false},"template":"","class_list":["post-144772","gemellaggi","type-gemellaggi","status-publish","hentry"],"_links":{"self":[{"href":"https:\/\/www.esteri.it\/it\/wp-json\/wp\/v2\/gemellaggi\/144772","targetHints":{"allow":["GET"]}}],"collection":[{"href":"https:\/\/www.esteri.it\/it\/wp-json\/wp\/v2\/gemellaggi"}],"about":[{"href":"https:\/\/www.esteri.it\/it\/wp-json\/wp\/v2\/types\/gemellaggi"}],"version-history":[{"count":1,"href":"https:\/\/www.esteri.it\/it\/wp-json\/wp\/v2\/gemellaggi\/144772\/revisions"}],"predecessor-version":[{"id":144778,"href":"https:\/\/www.esteri.it\/it\/wp-json\/wp\/v2\/gemellaggi\/144772\/revisions\/144778"}],"wp:attachment":[{"href":"https:\/\/www.esteri.it\/it\/wp-json\/wp\/v2\/media?parent=144772"}],"curies":[{"name":"wp","href":"https:\/\/api.w.org\/{rel}","templated":true}]}}

Renforcement des capacités de la Cour des comptes du Royaume du Maroc en certification des comptes de l’état, en évaluation des programmes et projets publics et en appréciation de l’exécution budgétaire

<p>La scadenza per la presentazione della proposta a questo Punto di Contatto Nazionale è il <strong>3 novembre 2025</strong>. La data di valutazione delle proposte è fissata indicativamente a partire dal 14 novembre 2025. Eventuali richieste di chiarimenti dovranno invece essere indirizzate a questo Punto di Contatto Nazionale entro il 7 ottobre p.v.</p>
<p>La proposta dovrà pervenire in formato elettronico al seguente indirizzo: <span style="color: black;"><a href="mailto:twinnings@esteri.it" target="_blank" rel="noopener"><span style="font-family: 'Calibri',sans-serif;">twinnings@esteri.it</span></a></span><span style="font-size: 11.0pt; font-family: 'Calibri',sans-serif; color: #1f497d;">  </span></p>
<p><span style="font-size: 11.0pt; font-family: 'Calibri',sans-serif; color: black;"> </span><b><u></u></b></p>
<p>Avvertenza:s&#8217;informa che è stata pubblicata dalla Commissione Europea una versione aggiornata al settembre 2022 del Manuale Twinning, disponibile sul sito web della Commissione al seguente indirizzo: <a href="https://neighbourhood-enlargement.ec.europa.eu/document/download/17f3c568-9b56-4e05-beca-a35f003ac8b0_en"><span style="font-size: 12.0pt;">https://neighbourhood-enlargement.ec.europa.eu/document/download/17f3c568-9b56-4e05-beca-a35f003ac8b0_en</span></a></p>
