{"id":120933,"date":"2024-07-24T09:29:04","date_gmt":"2024-07-24T07:29:04","guid":{"rendered":"https:\/\/www.esteri.it\/?page_id=120933"},"modified":"2026-04-13T10:37:44","modified_gmt":"2026-04-13T08:37:44","slug":"xiii-conferenza-ministeriale-febbraio-2024","status":"publish","type":"page","link":"https:\/\/www.esteri.it\/it\/temi\/politica-commerciale-internazionale\/organizzazione-mondiale-del-commercio\/xiii-conferenza-ministeriale-febbraio-2024\/","title":{"rendered":"XIII Conferenza Ministeriale (febbraio 2024)"},"content":{"rendered":"<p><strong>XIII Conferenza Ministeriale (Abu Dhabi, 26 febbraio \u2013 2 marzo 2024)<\/strong><\/p>\n<p>La XIII Conferenza Ministeriale OMC (MC13) si \u00e8 tenuta dal 26 febbraio al 2 marzo ad Abu Dhabi, Emirati Arabi Uniti, con il motto \u201cDelivering For People Through Trade\u201d. Nonostante il contesto caratterizzato da una difficile situazione geopolitica internazionale e dalle forti divergenze tra i membri sui principali capitoli negoziali, i Ministri sono riusciti a raggiungere alcuni obiettivi, inferiori a quanto auspicato ma comunque utili a proseguire nel percorso di riforma dell\u2019Organizzazione nel post Abu Dhabi.<\/p>\n<p>La Conferenza Ministeriale si \u00e8 conclusa con l\u2019adozione di una Dichiarazione ministeriale che impegna i Paesi membri a proseguire nel processo di riforma dell\u2019Organizzazione lanciato alla MC12, finalizzato a migliorare tutte le sue funzioni e a rafforzare il sistema commerciale multilaterale, con l&#8217;OMC al suo centro. La Dichiarazione richiama, inoltre, l&#8217;importanza di catene di approvvigionamento globali aperte, inclusive, resilienti, sostenibili, diversificate e affidabili, la crescente rilevanza dei servizi, che generano pi\u00f9 di due terzi della produzione economica mondiale e rappresentano oltre la met\u00e0 dei posti di lavoro, e la centralit\u00e0 della dimensione dello sviluppo nel lavoro dell&#8217;OMC (con specifici riferimenti alla partecipazione delle donne al commercio ed al ruolo svolto dalle micro, piccole e medie imprese nella crescita economica e nella riduzione della povert\u00e0 in tutti i Membri OMC).<\/p>\n<p>Tra i principali risultati raggiunti, la moratoria multilaterale sui dazi doganali alle trasmissioni elettroniche (cd. \u201cmoratoria e-commerce\u201d), di interesse di imprese e consumatori a livello globale, inclusi quelli dei Paesi in via di sviluppo (PVS), \u00e8 stata rinnovata fino alla prossima Ministeriale (o fino al 31 marzo 2026, a seconda di quale evento si verifichi prima).<\/p>\n<p>Con riferimento alla riforma del sistema di risoluzione delle controversie, la decisione adottata dai Ministri, confermando l\u2019obiettivo gi\u00e0 posto alla MC12, ribadisce l\u2019impegno dei Membri a trovare soluzione alle questioni ancora pendenti e a ristabilire la piena funzionalit\u00e0 del sistema entro il 2024.<\/p>\n<p>E\u2019 stata altres\u00ec adottata dai Ministri una Dichiarazione Ministeriale per il rafforzamento della cooperazione regolamentare per limitare l\u2019impatto delle normative tecniche sul commercio.<\/p>\n<p>Importanti risultati sono stati conseguiti nel capitolo commercio e sviluppo, dove i Ministri hanno adottato una dichiarazione per migliorare l\u2019attuazione delle disposizioni di trattamento speciale e differenziato (S&amp;DT) a favore dei Paesi meno avanzati (PMA) e una decisione ministeriale che prevede il mantenimento temporaneo di alcuni vantaggi previsti per i PMA che passano alla categoria di PVS.<\/p>\n<p>Infine, i Ministri hanno approvato il pacchetto di adesione all\u2019OMC di Timor Est e Isole Comore, che entreranno a far parte a pieno titolo dell\u2019Organizzazione una volta completati i necessari processi di ratifica interna, portando il numero dei Paesi Membri a 166.<\/p>\n<p>I Ministri non sono invece riusciti a conclude la \u201cFase 2\u201d dell\u2019Accordo sui sussidi alla pesca, che riguarda le questioni rimaste escluse dall\u2019accordo raggiunto alla MC12 (in particolare sussidi che contribuiscono alla sovraccapacit\u00e0 e al sovrasfruttamento, trattamento speciale e differenziato per PVS e PMA e obblighi di notifica e trasparenza), a rilanciare il negoziato sull\u2019agricoltura, che rimane una priorit\u00e0 per l\u2019intera membership OMC, e a rafforzare l\u2019attivit\u00e0 deliberativa dell\u2019OMC su questioni centrali per il commercio internazionale attuale, quali il nesso tra commercio e politica industriale ed il nesso tra commercio e ambiente. Tali temi saranno prioritari nelle discussioni post Abu Dhabi, nel percorso che porter\u00e0 alla MC14, che si terr\u00e0 tra la fine del 2025 e la prima met\u00e0 del 2026, in Camerun.<\/p>\n<p>Per maggiori informazioni sulla Conferenza:\u00a0 <a href=\"https:\/\/www.wto.org\/english\/thewto_e\/minist_e\/mc13_e\/mc13_e.htm\">WTO | Thirteenth WTO Ministerial Conference<\/a><\/p>\n","protected":false},"excerpt":{"rendered":"XIII Conferenza Ministeriale (Abu Dhabi, 26 febbraio \u2013 2 marzo 2024) La XIII Conferenza Ministeriale OMC (MC13) si \u00e8 tenuta dal 26 febbraio al 2 marzo ad Abu Dhabi, Emirati Arabi Uniti, con il motto \u201cDelivering For People Through Trade\u201d. Nonostante il contesto caratterizzato da una difficile situazione geopolitica internazionale e dalle forti divergenze tra [&hellip;]","protected":false},"author":5,"featured_media":0,"parent":30741,"menu_order":0,"comment_status":"closed","ping_status":"closed","template":"page-estera.php","meta":{"footnotes":""},"class_list":["post-120933","page","type-page","status-publish","hentry"],"_links":{"self":[{"href":"https:\/\/www.esteri.it\/it\/wp-json\/wp\/v2\/pages\/120933","targetHints":{"allow":["GET"]}}],"collection":[{"href":"https:\/\/www.esteri.it\/it\/wp-json\/wp\/v2\/pages"}],"about":[{"href":"https:\/\/www.esteri.it\/it\/wp-json\/wp\/v2\/types\/page"}],"author":[{"embeddable":true,"href":"https:\/\/www.esteri.it\/it\/wp-json\/wp\/v2\/users\/5"}],"replies":[{"embeddable":true,"href":"https:\/\/www.esteri.it\/it\/wp-json\/wp\/v2\/comments?post=120933"}],"version-history":[{"count":2,"href":"https:\/\/www.esteri.it\/it\/wp-json\/wp\/v2\/pages\/120933\/revisions"}],"predecessor-version":[{"id":120954,"href":"https:\/\/www.esteri.it\/it\/wp-json\/wp\/v2\/pages\/120933\/revisions\/120954"}],"up":[{"embeddable":true,"href":"https:\/\/www.esteri.it\/it\/wp-json\/wp\/v2\/pages\/30741"}],"wp:attachment":[{"href":"https:\/\/www.esteri.it\/it\/wp-json\/wp\/v2\/media?parent=120933"}],"curies":[{"name":"wp","href":"https:\/\/api.w.org\/{rel}","templated":true}]}}

<p><strong>XIII Conferenza Ministeriale (Abu Dhabi, 26 febbraio – 2 marzo 2024)</strong></p>
<p>La XIII Conferenza Ministeriale OMC (MC13) si è tenuta dal 26 febbraio al 2 marzo ad Abu Dhabi, Emirati Arabi Uniti, con il motto “Delivering For People Through Trade”. Nonostante il contesto caratterizzato da una difficile situazione geopolitica internazionale e dalle forti divergenze tra i membri sui principali capitoli negoziali, i Ministri sono riusciti a raggiungere alcuni obiettivi, inferiori a quanto auspicato ma comunque utili a proseguire nel percorso di riforma dell’Organizzazione nel post Abu Dhabi.</p>
<p>La Conferenza Ministeriale si è conclusa con l’adozione di una Dichiarazione ministeriale che impegna i Paesi membri a proseguire nel processo di riforma dell’Organizzazione lanciato alla MC12, finalizzato a migliorare tutte le sue funzioni e a rafforzare il sistema commerciale multilaterale, con l&#8217;OMC al suo centro. La Dichiarazione richiama, inoltre, l&#8217;importanza di catene di approvvigionamento globali aperte, inclusive, resilienti, sostenibili, diversificate e affidabili, la crescente rilevanza dei servizi, che generano più di due terzi della produzione economica mondiale e rappresentano oltre la metà dei posti di lavoro, e la centralità della dimensione dello sviluppo nel lavoro dell&#8217;OMC (con specifici riferimenti alla partecipazione delle donne al commercio ed al ruolo svolto dalle micro, piccole e medie imprese nella crescita economica e nella riduzione della povertà in tutti i Membri OMC).</p>
<p>Tra i principali risultati raggiunti, la moratoria multilaterale sui dazi doganali alle trasmissioni elettroniche (cd. “moratoria e-commerce”), di interesse di imprese e consumatori a livello globale, inclusi quelli dei Paesi in via di sviluppo (PVS), è stata rinnovata fino alla prossima Ministeriale (o fino al 31 marzo 2026, a seconda di quale evento si verifichi prima).</p>
<p>Con riferimento alla riforma del sistema di risoluzione delle controversie, la decisione adottata dai Ministri, confermando l’obiettivo già posto alla MC12, ribadisce l’impegno dei Membri a trovare soluzione alle questioni ancora pendenti e a ristabilire la piena funzionalità del sistema entro il 2024.</p>
<p>E’ stata altresì adottata dai Ministri una Dichiarazione Ministeriale per il rafforzamento della cooperazione regolamentare per limitare l’impatto delle normative tecniche sul commercio.</p>
<p>Importanti risultati sono stati conseguiti nel capitolo commercio e sviluppo, dove i Ministri hanno adottato una dichiarazione per migliorare l’attuazione delle disposizioni di trattamento speciale e differenziato (S&amp;DT) a favore dei Paesi meno avanzati (PMA) e una decisione ministeriale che prevede il mantenimento temporaneo di alcuni vantaggi previsti per i PMA che passano alla categoria di PVS.</p>
<p>Infine, i Ministri hanno approvato il pacchetto di adesione all’OMC di Timor Est e Isole Comore, che entreranno a far parte a pieno titolo dell’Organizzazione una volta completati i necessari processi di ratifica interna, portando il numero dei Paesi Membri a 166.</p>
<p>I Ministri non sono invece riusciti a conclude la “Fase 2” dell’Accordo sui sussidi alla pesca, che riguarda le questioni rimaste escluse dall’accordo raggiunto alla MC12 (in particolare sussidi che contribuiscono alla sovraccapacità e al sovrasfruttamento, trattamento speciale e differenziato per PVS e PMA e obblighi di notifica e trasparenza), a rilanciare il negoziato sull’agricoltura, che rimane una priorità per l’intera membership OMC, e a rafforzare l’attività deliberativa dell’OMC su questioni centrali per il commercio internazionale attuale, quali il nesso tra commercio e politica industriale ed il nesso tra commercio e ambiente. Tali temi saranno prioritari nelle discussioni post Abu Dhabi, nel percorso che porterà alla MC14, che si terrà tra la fine del 2025 e la prima metà del 2026, in Camerun.</p>
<p>Per maggiori informazioni sulla Conferenza:  <a href="https://www.wto.org/english/thewto_e/minist_e/mc13_e/mc13_e.htm">WTO | Thirteenth WTO Ministerial Conference</a></p>

XIII Conferenza Ministeriale (Abu Dhabi, 26 febbraio – 2 marzo 2024) La XIII Conferenza Ministeriale OMC (MC13) si è tenuta dal 26 febbraio al 2 marzo ad Abu Dhabi, Emirati Arabi Uniti, con il motto “Delivering For People Through Trade”. Nonostante il contesto caratterizzato da una difficile situazione geopolitica internazionale e dalle forti divergenze tra [&hellip;]
