{"id":242,"date":"2021-05-27T12:59:43","date_gmt":"2021-05-27T10:59:43","guid":{"rendered":"https:\/\/www.esteri.it\/?page_id=242"},"modified":"2026-01-19T11:23:18","modified_gmt":"2026-01-19T10:23:18","slug":"areagiornalisti","status":"publish","type":"page","link":"https:\/\/www.esteri.it\/it\/sala_stampa\/areagiornalisti\/","title":{"rendered":"Area Giornalisti"},"content":{"rendered":"<p>Questa sezione, dedicata ai giornalisti, \u00e8 accessibile a tutti coloro che vogliono essere al corrente delle attivit\u00e0 del Ministero degli Affari Esteri e della Cooperazione Internazionale. Da qui \u00e8 possibile accedere al portale accrediti, ma anche leggere i comunicati e le notizie riguardanti la Farnesina e il Ministro. E\u2019 inoltre possibile visionare interviste e articoli, ascoltare i podcast prodotti dal MAECI e seguirne le attivit\u00e0 social e le produzioni multimediali.<\/p>\n","protected":false},"excerpt":{"rendered":"Note di accreditamento per gli eventi organizzati dalla Farnesina, Portale accreditamento giornalisti e guida per i corrispondenti della stampa estera","protected":false},"author":1,"featured_media":0,"parent":82,"menu_order":0,"comment_status":"closed","ping_status":"closed","template":"","meta":{"footnotes":""},"class_list":["post-242","page","type-page","status-publish","hentry"],"_links":{"self":[{"href":"https:\/\/www.esteri.it\/it\/wp-json\/wp\/v2\/pages\/242","targetHints":{"allow":["GET"]}}],"collection":[{"href":"https:\/\/www.esteri.it\/it\/wp-json\/wp\/v2\/pages"}],"about":[{"href":"https:\/\/www.esteri.it\/it\/wp-json\/wp\/v2\/types\/page"}],"author":[{"embeddable":true,"href":"https:\/\/www.esteri.it\/it\/wp-json\/wp\/v2\/users\/1"}],"replies":[{"embeddable":true,"href":"https:\/\/www.esteri.it\/it\/wp-json\/wp\/v2\/comments?post=242"}],"version-history":[{"count":5,"href":"https:\/\/www.esteri.it\/it\/wp-json\/wp\/v2\/pages\/242\/revisions"}],"predecessor-version":[{"id":166033,"href":"https:\/\/www.esteri.it\/it\/wp-json\/wp\/v2\/pages\/242\/revisions\/166033"}],"up":[{"embeddable":true,"href":"https:\/\/www.esteri.it\/it\/wp-json\/wp\/v2\/pages\/82"}],"wp:attachment":[{"href":"https:\/\/www.esteri.it\/it\/wp-json\/wp\/v2\/media?parent=242"}],"curies":[{"name":"wp","href":"https:\/\/api.w.org\/{rel}","templated":true}]}}

<p>Questa sezione, dedicata ai giornalisti, è accessibile a tutti coloro che vogliono essere al corrente delle attività del Ministero degli Affari Esteri e della Cooperazione Internazionale. Da qui è possibile accedere al portale accrediti, ma anche leggere i comunicati e le notizie riguardanti la Farnesina e il Ministro. E’ inoltre possibile visionare interviste e articoli, ascoltare i podcast prodotti dal MAECI e seguirne le attività social e le produzioni multimediali.</p>
