{"id":29680,"date":"2021-07-07T12:49:37","date_gmt":"2021-07-07T10:49:37","guid":{"rendered":"https:\/\/www.esteri.it\/?page_id=29680"},"modified":"2026-04-28T11:42:03","modified_gmt":"2026-04-28T09:42:03","slug":"ricerca_stagestrutturali","status":"publish","type":"page","link":"https:\/\/www.esteri.it\/it\/servizi-opportunita\/opportunita\/nella_ue\/opportunita_per_dipendenti_pubblici\/enfp\/ricerca_stagestrutturali\/","title":{"rendered":"Posizioni aperte"},"content":{"rendered":"<p style=\"text-align: center;\"><strong><u>SECONDA SESSIONE 2026<\/u><\/strong><\/p>\n<p style=\"text-align: center;\"><strong>Posti disponibili: <u>18<\/u><\/strong><\/p>\n<p style=\"text-align: center;\"><strong>Data di scadenza per la presentazione delle candidature: 12<u>\u00a0maggio 2026<\/u><\/strong><\/p>\n<p style=\"text-align: center;\"><strong>\u00a0<\/strong><\/p>\n<ol>\n<li><strong> ASPETTI GENERALI<\/strong><\/li>\n<\/ol>\n<p>La Commissione Europea mette a disposizione del nostro Paese per la<strong> seconda sessione del 2026<\/strong> un massimo di<strong> 18<\/strong> posti presso i propri Servizi per il Programma di Esperti Nazionali in Formazione Professionale (ENFP), con inizio previsto il <strong>01.10.2026 <\/strong>o anche il<strong> 16.10.2026. <\/strong>La durata della formazione viene fissata preventivamente tra un minimo di tre mesi e un massimo di cinque mesi e non pu\u00f2 essere modificata n\u00e9 prorogata.<\/p>\n<p>Si tratta di un programma di formazione che la Commissione propone, a titolo gratuito, in favore dei funzionari delle pubbliche amministrazioni centrali, regionali o locali dei Paesi membri con l&#8217;obiettivo di offrire la possibilit\u00e0 di acquisire una conoscenza delle politiche e dei metodi di lavoro della Commissione europea attraverso un&#8217;esperienza pratica del lavoro quotidiano nei vari Servizi, da utilizzare al rientro nelle amministrazioni nazionali. Il programma \u00e8 regolato dalla Decisione della Commissione C(2008) 6866, consultabile nella sezione \u201cNormativa\u201d. I funzionari in programma ENFP presso la Commissione non ricevono alcuna diaria, n\u00e9 indennit\u00e0, n\u00e9 compenso.<\/p>\n<p>La Commissione raccomanda ai candidati selezionati di mantenere gli impegni assunti al momento dell\u2019accettazione, onde consentire la pi\u00f9 efficace gestione del programma di formazione. Qualora si intenda interrompere l\u2019iter di candidatura o non sia possibile accettare l\u2019assegnazione finale comunicata dalla Commissione, il candidato e\/o la sua amministrazione di appartenenza devono comunicare al pi\u00f9 presto il proprio ritiro per la sessione in corso. L\u2019interessato potr\u00e0 comunque presentare nuovamente la propria candidatura per la sessione successiva.<\/p>\n<p>&nbsp;<\/p>\n<ol start=\"2\">\n<li><strong> REQUISITI <\/strong><\/li>\n<\/ol>\n<p>Le candidature dovranno rispondere ai requisiti richiesti dalla Commissione per la partecipazione al programma:<\/p>\n<ol>\n<li>a) qualifica: funzionario delle pubbliche amministrazioni centrali, regionali o locali di livello corrispondente alla categoria AD dello &#8221;Statuto dei Funzionari delle Comunit\u00e0 Europee&#8221;, che richiede, per l&#8217;accesso, un diploma attestante una formazione universitaria completa di almeno tre anni;<\/li>\n<li>b) esperienza professionale: in linea di massima, le Direzioni Generali della Commissione accolgono funzionari la cui esperienza professionale sia coerente con le attivit\u00e0 da svolgere presso la Commissione. Per tale motivo, nell&#8217;indicare sul modulo di candidatura le Direzioni Generali\/Servizi preferite (fino a un massimo di tre) per lo svolgimento del programma, si suggerisce di consultare il sito <a href=\"https:\/\/commission.europa.eu\/about\/departments-and-executive-agencies_en\">https:\/\/commission.europa.eu\/about\/departments-and-executive-agencies_en<\/a> che riporta l&#8217;ambito di attivit\u00e0 delle singole Direzioni Generali. Le preferenze espresse dal candidato non sono vincolanti per la Commissione che pu\u00f2 decidere di assegnarlo a Direzioni diverse da quelle indicate.<\/li>\n<li>c) requisiti linguistici: conoscenza approfondita di una delle lingue dell\u2019Unione ed una conoscenza soddisfacente di un\u2019altra lingua comunitaria, nella misura necessaria alle funzioni da svolgere.<\/li>\n<\/ol>\n<p>&nbsp;<\/p>\n<p>La Commissione non prender\u00e0 in considerazione candidature di funzionari che abbiano gi\u00e0 usufruito di contratti o impieghi in seno alle Istituzioni europee e di coloro che abbiano prestato servizio come E.N.D. (Esperti Nazionali Distaccati). Sono invece ammesse le candidature di coloro che abbiano preso parte al programma \u201cErasmus +\u201d o ai tirocini \u201cBlue Book\u201d.<\/p>\n<p>Per tutta la durata della formazione professionale, il datore di lavoro dovr\u00e0 continuare a corrispondere la retribuzione e garantire che il candidato rimanga soggetto al proprio regime di previdenza sociale e ai diritti pensionistici.<\/p>\n<p>&nbsp;<\/p>\n<ol start=\"3\">\n<li><strong>PRESENTAZIONE DELLE CANDIDATURE<\/strong><\/li>\n<\/ol>\n<p>Ciascuna Amministrazione avr\u00e0 cura di proporre candidature <strong><u>in numero non superiore a due, elencandole in ordine di priorit\u00e0.<\/u> <\/strong>Per ciascuna candidatura proposta dovr\u00e0 essere presentata la seguente documentazione:<\/p>\n<ol>\n<li>a) atto di candidatura in inglese o in francese (\u201cApplication form\u201d \/ \u201cFormulaire de candidature\u201d), debitamente firmato dal candidato e dall\u2019Ufficio competente (reperibile nella sezione \u201cApprofondimenti\u201d in fondo a questa pagina);<\/li>\n<li>b) curriculum vitae aggiornato, in inglese o francese, preferibilmente redatto usando il modello \u201cEuropass\u201d;<\/li>\n<li>c) nulla osta dell&#8217;Amministrazione di appartenenza, redatto dall&#8217;Ufficio competente al rilascio. Si raccomanda alle Amministrazioni di valutare attentamente insieme ai candidati la coerenza tra le funzioni svolte e le opzioni indicate tra le Direzioni Generali della Commissione Europea.<\/li>\n<li>d) nota di accompagnamento, relativa alla dichiarazione di veridicit\u00e0 dei dati inseriti e di accettazione dell\u2019informativa per il trattamento dei dati personali, anch\u2019essa firmata dall\u2019interessato.<\/li>\n<\/ol>\n<p>I predetti documenti, da trasmettersi per posta elettronica <strong>in quattro allegati separati<\/strong>, devono essere <u>obbligatoriamente conformi<\/u> ai modelli reperibili su questo sito, nella presente pagina (atto di candidatura) e nella pagina della modulistica (CV, nulla osta, nota di accompagnamento), alla voce \u201cmodelli\u201d (cfr. <a href=\"https:\/\/www.esteri.it\/it\/servizi-opportunita\/opportunita\/nella_ue\/opportunita_per_dipendenti_pubblici\/espertinazionalidistaccati\/modulistica\/\">Modulistica \u2013 Ministero degli Affari Esteri e della Cooperazione Internazionale<\/a>).<\/p>\n<p>I candidati interessati al Servizio Europeo di Azione Esterna (SEAE) devono produrre una dichiarazione dell\u2019Amministrazione di appartenenza relativa all\u2019abilitazione a trattare documenti classificati di livello almeno pari a \u201cSegreto\u201d (cfr. <a href=\"https:\/\/www.esteri.it\/it\/servizi-opportunita\/opportunita\/nella_ue\/opportunita_per_dipendenti_pubblici\/espertinazionalidistaccati\/modulistica\/\">Modulistica \u2013 Ministero degli Affari Esteri e della Cooperazione Internazionale<\/a>\u00a0 \u201cDichiarazione NOS\u201d).<\/p>\n<p>Presso l\u2019Ufficio Europeo per la lotta antifrode (OLAF) \u00e8 preferibile un consistente profilo giuridico, in aggiunta ad una buona conoscenza del diritto dell\u2019Unione Europea.<\/p>\n<p>Presso la D.G. Salute e tutela dei consumatori (SANTE) \u00e8 richiesto il possesso di esperienze nei settori della sicurezza alimentare o della salute.<\/p>\n<p>Le candidature dovranno essere inoltrate dall&#8217;Ufficio del Personale dell&#8217;Amministrazione di appartenenza dei candidati al Ministero degli Affari Esteri e della Cooperazione Internazionale, Direzione Generale per l&#8217;Unione Europea \u2013 Ufficio IV, <strong>per posta elettronica<\/strong>) all&#8217;indirizzo<\/p>\n<p><a href=\"mailto:dgue04.candidature@cert.esteri.it\"><strong>dgue04.candidature@cert.esteri.it<\/strong><\/a> (oppure: <a href=\"mailto:dgue04.candidature@esteri.it\"><strong>dgue04.candidature@esteri.it<\/strong><\/a>, per posta elettronica non certificata) inderogabilmente <strong><u>entro il giorno 12 maggio 2026<\/u>.<\/strong><\/p>\n<p>Non potranno essere prese in considerazione candidature inviate oltre la data di scadenza, non rispondenti ai requisiti richiesti e\/o prive della prescritta documentazione.<\/p>\n<p>&nbsp;<\/p>\n<ol start=\"4\">\n<li><strong> PRESELEZIONE E COMUNICAZIONE DELL\u2019ESITO<\/strong><\/li>\n<\/ol>\n<p>Una volta verificata la completezza della documentazione e il possesso dei requisiti richiesti, se il numero delle candidature ricevibili eccede quello dei posti disponibili si procede ad una preselezione delle candidature stesse da trasmettere alla Commissione in numero pari ai posti disponibili. La preselezione viene effettuata tenendo conto del profilo complessivo del candidato e degli scopi del programma (\u201cDecisione della Commissione C (2008) 6866 del 12.11.2008, Titolo II, Art. 30).\u00a0 Si tiene altres\u00ec conto della richiesta della Commissione Europea di diversificare quanto pi\u00f9 possibile le candidature per favorirne la collocazione.<\/p>\n<p>Le candidature maggiormente idonee saranno trasmesse alla Commissione Europea, alla quale spetta la decisione finale in merito all\u2019ammissione al programma. La Commissione pu\u00f2 pertanto decidere anche di non accogliere singole candidature.<\/p>\n<p>L\u2019esito della selezione sar\u00e0 reso noto dall\u2019Ufficio IV della DGUE del Ministero Affari Esteri e della Cooperazione Internazionale alle Amministrazioni interessate, dopo la relativa notifica da parte della Commissione Europea, orientativamente nel mese di luglio 2026.<\/p>\n<p>&nbsp;<\/p>\n<ol start=\"5\">\n<li><strong> PRIMA DELL\u2019AVVIO DEL DISTACCO ENFP<\/strong><\/li>\n<\/ol>\n<p>I candidati selezionati dovranno inviare alla Commissione, Sezione ENFP, una copia del passaporto o della carta d\u2019identit\u00e0, nonch\u00e9 una copia del nulla osta.<\/p>\n<p>&nbsp;<\/p>\n<p>&nbsp;<\/p>\n","protected":false},"excerpt":{"rendered":"SECONDA SESSIONE 2026 Posti disponibili: 18 Data di scadenza per la presentazione delle candidature: 12\u00a0maggio 2026 \u00a0 ASPETTI GENERALI La Commissione Europea mette a disposizione del nostro Paese per la seconda sessione del 2026 un massimo di 18 posti presso i propri Servizi per il Programma di Esperti Nazionali in Formazione Professionale (ENFP), con inizio [&hellip;]","protected":false},"author":1,"featured_media":0,"parent":29673,"menu_order":2,"comment_status":"closed","ping_status":"closed","template":"","meta":{"footnotes":""},"class_list":["post-29680","page","type-page","status-publish","hentry"],"_links":{"self":[{"href":"https:\/\/www.esteri.it\/it\/wp-json\/wp\/v2\/pages\/29680","targetHints":{"allow":["GET"]}}],"collection":[{"href":"https:\/\/www.esteri.it\/it\/wp-json\/wp\/v2\/pages"}],"about":[{"href":"https:\/\/www.esteri.it\/it\/wp-json\/wp\/v2\/types\/page"}],"author":[{"embeddable":true,"href":"https:\/\/www.esteri.it\/it\/wp-json\/wp\/v2\/users\/1"}],"replies":[{"embeddable":true,"href":"https:\/\/www.esteri.it\/it\/wp-json\/wp\/v2\/comments?post=29680"}],"version-history":[{"count":8,"href":"https:\/\/www.esteri.it\/it\/wp-json\/wp\/v2\/pages\/29680\/revisions"}],"predecessor-version":[{"id":185564,"href":"https:\/\/www.esteri.it\/it\/wp-json\/wp\/v2\/pages\/29680\/revisions\/185564"}],"up":[{"embeddable":true,"href":"https:\/\/www.esteri.it\/it\/wp-json\/wp\/v2\/pages\/29673"}],"wp:attachment":[{"href":"https:\/\/www.esteri.it\/it\/wp-json\/wp\/v2\/media?parent=29680"}],"curies":[{"name":"wp","href":"https:\/\/api.w.org\/{rel}","templated":true}]}}

<p style="text-align: center;"><strong><u>SECONDA SESSIONE 2026</u></strong></p>
<p style="text-align: center;"><strong>Posti disponibili: <u>18</u></strong></p>
<p style="text-align: center;"><strong>Data di scadenza per la presentazione delle candidature: 12<u> maggio 2026</u></strong></p>
<p style="text-align: center;"><strong> </strong></p>
<ol>
<li><strong> ASPETTI GENERALI</strong></li>
</ol>
<p>La Commissione Europea mette a disposizione del nostro Paese per la<strong> seconda sessione del 2026</strong> un massimo di<strong> 18</strong> posti presso i propri Servizi per il Programma di Esperti Nazionali in Formazione Professionale (ENFP), con inizio previsto il <strong>01.10.2026 </strong>o anche il<strong> 16.10.2026. </strong>La durata della formazione viene fissata preventivamente tra un minimo di tre mesi e un massimo di cinque mesi e non può essere modificata né prorogata.</p>
<p>Si tratta di un programma di formazione che la Commissione propone, a titolo gratuito, in favore dei funzionari delle pubbliche amministrazioni centrali, regionali o locali dei Paesi membri con l&#8217;obiettivo di offrire la possibilità di acquisire una conoscenza delle politiche e dei metodi di lavoro della Commissione europea attraverso un&#8217;esperienza pratica del lavoro quotidiano nei vari Servizi, da utilizzare al rientro nelle amministrazioni nazionali. Il programma è regolato dalla Decisione della Commissione C(2008) 6866, consultabile nella sezione “Normativa”. I funzionari in programma ENFP presso la Commissione non ricevono alcuna diaria, né indennità, né compenso.</p>
<p>La Commissione raccomanda ai candidati selezionati di mantenere gli impegni assunti al momento dell’accettazione, onde consentire la più efficace gestione del programma di formazione. Qualora si intenda interrompere l’iter di candidatura o non sia possibile accettare l’assegnazione finale comunicata dalla Commissione, il candidato e/o la sua amministrazione di appartenenza devono comunicare al più presto il proprio ritiro per la sessione in corso. L’interessato potrà comunque presentare nuovamente la propria candidatura per la sessione successiva.</p>
<p>&nbsp;</p>
<ol start="2">
<li><strong> REQUISITI </strong></li>
</ol>
<p>Le candidature dovranno rispondere ai requisiti richiesti dalla Commissione per la partecipazione al programma:</p>
<ol>
<li>a) qualifica: funzionario delle pubbliche amministrazioni centrali, regionali o locali di livello corrispondente alla categoria AD dello &#8221;Statuto dei Funzionari delle Comunità Europee&#8221;, che richiede, per l&#8217;accesso, un diploma attestante una formazione universitaria completa di almeno tre anni;</li>
<li>b) esperienza professionale: in linea di massima, le Direzioni Generali della Commissione accolgono funzionari la cui esperienza professionale sia coerente con le attività da svolgere presso la Commissione. Per tale motivo, nell&#8217;indicare sul modulo di candidatura le Direzioni Generali/Servizi preferite (fino a un massimo di tre) per lo svolgimento del programma, si suggerisce di consultare il sito <a href="https://commission.europa.eu/about/departments-and-executive-agencies_en">https://commission.europa.eu/about/departments-and-executive-agencies_en</a> che riporta l&#8217;ambito di attività delle singole Direzioni Generali. Le preferenze espresse dal candidato non sono vincolanti per la Commissione che può decidere di assegnarlo a Direzioni diverse da quelle indicate.</li>
<li>c) requisiti linguistici: conoscenza approfondita di una delle lingue dell’Unione ed una conoscenza soddisfacente di un’altra lingua comunitaria, nella misura necessaria alle funzioni da svolgere.</li>
</ol>
<p>&nbsp;</p>
<p>La Commissione non prenderà in considerazione candidature di funzionari che abbiano già usufruito di contratti o impieghi in seno alle Istituzioni europee e di coloro che abbiano prestato servizio come E.N.D. (Esperti Nazionali Distaccati). Sono invece ammesse le candidature di coloro che abbiano preso parte al programma “Erasmus +” o ai tirocini “Blue Book”.</p>
<p>Per tutta la durata della formazione professionale, il datore di lavoro dovrà continuare a corrispondere la retribuzione e garantire che il candidato rimanga soggetto al proprio regime di previdenza sociale e ai diritti pensionistici.</p>
<p>&nbsp;</p>
<ol start="3">
<li><strong>PRESENTAZIONE DELLE CANDIDATURE</strong></li>
</ol>
<p>Ciascuna Amministrazione avrà cura di proporre candidature <strong><u>in numero non superiore a due, elencandole in ordine di priorità.</u> </strong>Per ciascuna candidatura proposta dovrà essere presentata la seguente documentazione:</p>
<ol>
<li>a) atto di candidatura in inglese o in francese (“Application form” / “Formulaire de candidature”), debitamente firmato dal candidato e dall’Ufficio competente (reperibile nella sezione “Approfondimenti” in fondo a questa pagina);</li>
<li>b) curriculum vitae aggiornato, in inglese o francese, preferibilmente redatto usando il modello “Europass”;</li>
<li>c) nulla osta dell&#8217;Amministrazione di appartenenza, redatto dall&#8217;Ufficio competente al rilascio. Si raccomanda alle Amministrazioni di valutare attentamente insieme ai candidati la coerenza tra le funzioni svolte e le opzioni indicate tra le Direzioni Generali della Commissione Europea.</li>
<li>d) nota di accompagnamento, relativa alla dichiarazione di veridicità dei dati inseriti e di accettazione dell’informativa per il trattamento dei dati personali, anch’essa firmata dall’interessato.</li>
</ol>
<p>I predetti documenti, da trasmettersi per posta elettronica <strong>in quattro allegati separati</strong>, devono essere <u>obbligatoriamente conformi</u> ai modelli reperibili su questo sito, nella presente pagina (atto di candidatura) e nella pagina della modulistica (CV, nulla osta, nota di accompagnamento), alla voce “modelli” (cfr. <a href="https://www.esteri.it/it/servizi-opportunita/opportunita/nella_ue/opportunita_per_dipendenti_pubblici/espertinazionalidistaccati/modulistica/">Modulistica – Ministero degli Affari Esteri e della Cooperazione Internazionale</a>).</p>
<p>I candidati interessati al Servizio Europeo di Azione Esterna (SEAE) devono produrre una dichiarazione dell’Amministrazione di appartenenza relativa all’abilitazione a trattare documenti classificati di livello almeno pari a “Segreto” (cfr. <a href="https://www.esteri.it/it/servizi-opportunita/opportunita/nella_ue/opportunita_per_dipendenti_pubblici/espertinazionalidistaccati/modulistica/">Modulistica – Ministero degli Affari Esteri e della Cooperazione Internazionale</a>  “Dichiarazione NOS”).</p>
<p>Presso l’Ufficio Europeo per la lotta antifrode (OLAF) è preferibile un consistente profilo giuridico, in aggiunta ad una buona conoscenza del diritto dell’Unione Europea.</p>
<p>Presso la D.G. Salute e tutela dei consumatori (SANTE) è richiesto il possesso di esperienze nei settori della sicurezza alimentare o della salute.</p>
<p>Le candidature dovranno essere inoltrate dall&#8217;Ufficio del Personale dell&#8217;Amministrazione di appartenenza dei candidati al Ministero degli Affari Esteri e della Cooperazione Internazionale, Direzione Generale per l&#8217;Unione Europea – Ufficio IV, <strong>per posta elettronica</strong>) all&#8217;indirizzo</p>
<p><a href="mailto:dgue04.candidature@cert.esteri.it"><strong>dgue04.candidature@cert.esteri.it</strong></a> (oppure: <a href="mailto:dgue04.candidature@esteri.it"><strong>dgue04.candidature@esteri.it</strong></a>, per posta elettronica non certificata) inderogabilmente <strong><u>entro il giorno 12 maggio 2026</u>.</strong></p>
<p>Non potranno essere prese in considerazione candidature inviate oltre la data di scadenza, non rispondenti ai requisiti richiesti e/o prive della prescritta documentazione.</p>
<p>&nbsp;</p>
<ol start="4">
<li><strong> PRESELEZIONE E COMUNICAZIONE DELL’ESITO</strong></li>
</ol>
<p>Una volta verificata la completezza della documentazione e il possesso dei requisiti richiesti, se il numero delle candidature ricevibili eccede quello dei posti disponibili si procede ad una preselezione delle candidature stesse da trasmettere alla Commissione in numero pari ai posti disponibili. La preselezione viene effettuata tenendo conto del profilo complessivo del candidato e degli scopi del programma (“Decisione della Commissione C (2008) 6866 del 12.11.2008, Titolo II, Art. 30).  Si tiene altresì conto della richiesta della Commissione Europea di diversificare quanto più possibile le candidature per favorirne la collocazione.</p>
<p>Le candidature maggiormente idonee saranno trasmesse alla Commissione Europea, alla quale spetta la decisione finale in merito all’ammissione al programma. La Commissione può pertanto decidere anche di non accogliere singole candidature.</p>
<p>L’esito della selezione sarà reso noto dall’Ufficio IV della DGUE del Ministero Affari Esteri e della Cooperazione Internazionale alle Amministrazioni interessate, dopo la relativa notifica da parte della Commissione Europea, orientativamente nel mese di luglio 2026.</p>
<p>&nbsp;</p>
<ol start="5">
<li><strong> PRIMA DELL’AVVIO DEL DISTACCO ENFP</strong></li>
</ol>
<p>I candidati selezionati dovranno inviare alla Commissione, Sezione ENFP, una copia del passaporto o della carta d’identità, nonché una copia del nulla osta.</p>
<p>&nbsp;</p>
<p>&nbsp;</p>
