{"id":30109,"date":"2021-07-12T13:03:27","date_gmt":"2021-07-12T11:03:27","guid":{"rendered":"https:\/\/www.esteri.it\/?page_id=30109"},"modified":"2026-04-09T12:35:28","modified_gmt":"2026-04-09T10:35:28","slug":"settimanalinguaitaliana","status":"publish","type":"page","link":"https:\/\/www.esteri.it\/it\/temi\/cultura\/promozionelinguaitaliana\/settimanalinguaitaliana\/","title":{"rendered":"Settimana della lingua"},"content":{"rendered":"<p align=\"center\"><img loading=\"lazy\" decoding=\"async\" class=\"aligncenter\" src=\"https:\/\/www.esteri.it\/mae\/resource\/img\/2016\/10\/logo_sett_linguaita.jpg\" alt=\"logo sett linguaita\" width=\"299\" height=\"116\" \/><\/p>\n<p>&nbsp;<\/p>\n<p>La Settimana della Lingua italiana nel mondo si tiene\u00a0<strong>ogni anno nella terza settimana di ottobre<\/strong>.\u00a0Organizzata dalla rete diplomatico-consolare e degli Istituti Italiani di Cultura in collaborazione con i nostri principali partner della promozione linguistica (MiC, MIM, MUR, CePeLL, Governo della Confederazione Elvetica, Accademia della Crusca, CGIE, Comunit\u00e0 Radiotelevisiva Italofona, Istituto dell\u2019Enciclopedia Italiana Treccani, RAI Italia e Societ\u00e0 Dante Alighieri), la Settimana \u00e8 divenuta nel tempo la pi\u00f9 importante rassegna su scala globale dedicata alla nostra lingua. Sin dalla sua istituzione nel 2001, questo appuntamento ha ricevuto annualmente l\u2019Alto Patronato da parte della Presidenza della Repubblica.<\/p>\n<p><strong>Ogni Settimana \u00e8 dedicata a un tema diverso<\/strong>, che serve da filo conduttore per un ricco programma di conferenze, mostre e incontri.<\/p>\n<p>Il titolo della <strong>XXVI edizione<\/strong> <strong>(19-25 ottobre 2026)<\/strong> \u00e8: <strong>&#8220;Lingua geniale: ideare, progettare, creare con l\u2019italiano&#8221;<\/strong>.<\/p>\n<p>Tale tema ha l\u2019obiettivo di valorizzare il legame strategico tra cultura e crescita economica dell\u2019Italia, di cui l\u2019italiano e l\u2019Italofonia sono uno strumento privilegiato. L\u2019italiano, lingua \u201cgeniale\u201d, erede di una lunga e ricca storia e tradizione, esporta nel mondo il meglio del proprio saper fare, costituito da tecnologia, scienza, ingegneria, design, moda, gastronomia, letteratura, arte e storia, contribuendo cos\u00ec a plasmare una immagine dinamica e proiettata in avanti del nostro Paese.<\/p>\n<p>&nbsp;<\/p>\n","protected":false},"excerpt":{"rendered":"&nbsp; La Settimana della Lingua italiana nel mondo si tiene\u00a0ogni anno nella terza settimana di ottobre.\u00a0Organizzata dalla rete diplomatico-consolare e degli Istituti Italiani di Cultura in collaborazione con i nostri principali partner della promozione linguistica (MiC, MIM, MUR, CePeLL, Governo della Confederazione Elvetica, Accademia della Crusca, CGIE, Comunit\u00e0 Radiotelevisiva Italofona, Istituto dell\u2019Enciclopedia Italiana Treccani, RAI [&hellip;]","protected":false},"author":1,"featured_media":0,"parent":30106,"menu_order":2,"comment_status":"closed","ping_status":"closed","template":"page-diplomazia.php","meta":{"footnotes":""},"class_list":["post-30109","page","type-page","status-publish","hentry"],"_links":{"self":[{"href":"https:\/\/www.esteri.it\/it\/wp-json\/wp\/v2\/pages\/30109","targetHints":{"allow":["GET"]}}],"collection":[{"href":"https:\/\/www.esteri.it\/it\/wp-json\/wp\/v2\/pages"}],"about":[{"href":"https:\/\/www.esteri.it\/it\/wp-json\/wp\/v2\/types\/page"}],"author":[{"embeddable":true,"href":"https:\/\/www.esteri.it\/it\/wp-json\/wp\/v2\/users\/1"}],"replies":[{"embeddable":true,"href":"https:\/\/www.esteri.it\/it\/wp-json\/wp\/v2\/comments?post=30109"}],"version-history":[{"count":6,"href":"https:\/\/www.esteri.it\/it\/wp-json\/wp\/v2\/pages\/30109\/revisions"}],"predecessor-version":[{"id":182697,"href":"https:\/\/www.esteri.it\/it\/wp-json\/wp\/v2\/pages\/30109\/revisions\/182697"}],"up":[{"embeddable":true,"href":"https:\/\/www.esteri.it\/it\/wp-json\/wp\/v2\/pages\/30106"}],"wp:attachment":[{"href":"https:\/\/www.esteri.it\/it\/wp-json\/wp\/v2\/media?parent=30109"}],"curies":[{"name":"wp","href":"https:\/\/api.w.org\/{rel}","templated":true}]}}

<p align="center"><img loading="lazy" decoding="async" class="aligncenter" src="https://www.esteri.it/mae/resource/img/2016/10/logo_sett_linguaita.jpg" alt="logo sett linguaita" width="299" height="116" /></p>
<p>&nbsp;</p>
<p>La Settimana della Lingua italiana nel mondo si tiene <strong>ogni anno nella terza settimana di ottobre</strong>. Organizzata dalla rete diplomatico-consolare e degli Istituti Italiani di Cultura in collaborazione con i nostri principali partner della promozione linguistica (MiC, MIM, MUR, CePeLL, Governo della Confederazione Elvetica, Accademia della Crusca, CGIE, Comunità Radiotelevisiva Italofona, Istituto dell’Enciclopedia Italiana Treccani, RAI Italia e Società Dante Alighieri), la Settimana è divenuta nel tempo la più importante rassegna su scala globale dedicata alla nostra lingua. Sin dalla sua istituzione nel 2001, questo appuntamento ha ricevuto annualmente l’Alto Patronato da parte della Presidenza della Repubblica.</p>
<p><strong>Ogni Settimana è dedicata a un tema diverso</strong>, che serve da filo conduttore per un ricco programma di conferenze, mostre e incontri.</p>
<p>Il titolo della <strong>XXVI edizione</strong> <strong>(19-25 ottobre 2026)</strong> è: <strong>&#8220;Lingua geniale: ideare, progettare, creare con l’italiano&#8221;</strong>.</p>
<p>Tale tema ha l’obiettivo di valorizzare il legame strategico tra cultura e crescita economica dell’Italia, di cui l’italiano e l’Italofonia sono uno strumento privilegiato. L’italiano, lingua “geniale”, erede di una lunga e ricca storia e tradizione, esporta nel mondo il meglio del proprio saper fare, costituito da tecnologia, scienza, ingegneria, design, moda, gastronomia, letteratura, arte e storia, contribuendo così a plasmare una immagine dinamica e proiettata in avanti del nostro Paese.</p>
<p>&nbsp;</p>

&nbsp; La Settimana della Lingua italiana nel mondo si tiene ogni anno nella terza settimana di ottobre. Organizzata dalla rete diplomatico-consolare e degli Istituti Italiani di Cultura in collaborazione con i nostri principali partner della promozione linguistica (MiC, MIM, MUR, CePeLL, Governo della Confederazione Elvetica, Accademia della Crusca, CGIE, Comunità Radiotelevisiva Italofona, Istituto dell’Enciclopedia Italiana Treccani, RAI [&hellip;]
