{"id":30601,"date":"2021-07-19T14:12:23","date_gmt":"2021-07-19T12:12:23","guid":{"rendered":"https:\/\/www.esteri.it\/?page_id=30601"},"modified":"2025-12-12T17:06:30","modified_gmt":"2025-12-12T16:06:30","slug":"med2020","status":"publish","type":"page","link":"https:\/\/www.esteri.it\/it\/eventi\/med2020\/","title":{"rendered":"Rome MED \u2013 Mediterranean Dialogues 2020"},"content":{"rendered":"<p align=\"center\"><img loading=\"lazy\" decoding=\"async\" src=\"https:\/\/www.esteri.it\/mae\/resource\/img\/2020\/11\/rome_med_2020.jpg\" alt=\"rome med 2020\" width=\"540\" height=\"403\" \/><\/p>\n<p align=\"center\"><strong><br \/>\nIl futuro del Mediterraneo dopo la pandemia<\/strong><\/p>\n<p>&nbsp;<\/p>\n<p>La sesta edizione della Conferenza\u00a0<strong>Rome MED \u2013 Mediterranean Dialogues,<\/strong>\u00a0promossa a partire dal 2015 dal Ministero degli Affari Esteri e della Cooperazione Internazionale e dall\u2019ISPI, si tiene quest\u2019anno in formato digitale e prevede oltre 40 eventi virtuali\u00a0<strong>dal 25 novembre al 4 dicembre 2020.<\/strong><\/p>\n<p>La conferenza si apre\u00a0<strong>mercoled\u00ec 25 novembre\u00a0<\/strong>con un intervento su piattaforma web di\u00a0<strong>Luigi Di Maio,\u00a0<\/strong>Ministro degli Affari Esteri e della Cooperazione Internazionale, e di\u00a0<strong>Giampiero Massolo,<\/strong>\u00a0Presidente ISPI.\u00a0 Chiude i\u00a0<strong>MED-Dialogues<\/strong>\u00a0<strong>venerd\u00ec 4 dicembre<\/strong>\u00a0il Presidente del Consiglio dei Ministri\u00a0<strong>Giuseppe<\/strong>\u00a0<strong>Conte.\u00a0<\/strong><\/p>\n<p>\u00c8 possibile seguire i lavori registrandosi al seguente link:\u00a0<a href=\"https:\/\/join.med.ispionline.it\/\" target=\"_blank\" rel=\"noopener\">https:\/\/join.med.ispionline.it\/<\/a><\/p>\n<p>La Conferenza vede la partecipazione di esponenti delle maggiori organizzazioni internazionali, accademici, imprenditori nonch\u00e9 studiosi ed esperti da tutto il mondo, con\u00a0<strong>oltre 40 leader\u00a0<\/strong>politici\u00a0tra Presidenti, Primi Ministri e Ministri di diverse realt\u00e0 internazionali. Partecipano tra gli altri:\u00a0<strong>Sergey Viktorovich Lavrov<\/strong>, Ministro degli Affari Esteri, Russia;\u00a0\u00a0<strong>Paolo Gentiloni,<\/strong>\u00a0Commissario Europeo per gli Affari Economici e Monetari;\u00a0\u00a0<strong>Ylva Johansson<\/strong>, Commissario Europeo per gli Affari Interni;\u00a0<strong>Mohammad Javad Zarif<\/strong>, Ministro degli Affari Esteri, Iran; il Principe<strong>\u00a0Faisal Bin Farhan Al Saud,<\/strong>\u00a0Ministro degli Affari Esteri, Arabia Saudita;\u00a0<strong>Subrahmanyam Jaishankar<\/strong>, Ministro degli Affari Esteri, India;\u00a0<strong>Ahmed Maitig,\u00a0<\/strong>Vice-Presidente del Consiglio Presidenziale Libico, GNA, Libia;\u00a0<strong>Ayman Safadi<\/strong>, Vice Primo Ministro e Ministro degli Affari Esteri e degli Espatriati, Giordania;\u00a0<strong>Riyad al Malki<\/strong>, Ministro degli Affari Esteri e degli Espatriati, Palestina;\u00a0<strong>Othman Jerandi<\/strong>, Ministro degli Affari Esteri, delle Migrazioni e dei Tunisini all\u2019estero, Tunisia;\u00a0<strong>Anwar Gargash<\/strong>, Ministro di Stato per gli Affari Esteri, Emirati Arabi Uniti;\u00a0\u00a0<strong>Nickolay Mladenov<\/strong>, Coordinatore Speciale ONU per il Processo di Pace in Medio Oriente;\u00a0<strong>J\u00e1n Kubi\u0161<\/strong>, Coordinatore Speciale ONU per il Libano;\u00a0<strong>Mohammad Sanusi Barkindo<\/strong>, Segretario Generale OPEC.<\/p>\n<p><strong>MED Dialogues 2020<\/strong>\u00a0intende, pur in un\u2019epoca di pandemia, mettere a punto un\u2019 \u201dagenda positiva\u201d per il Mediterraneo, elaborando possibili soluzioni condivise ai rischi sanitari, economici e politici che potrebbero dimostrarsi pi\u00f9 gravi e pesanti rispetto al resto del mondo. Tra i temi strategici al centro del dibattito le principali sfide per la sicurezza, la difficile gestione del fenomeno migratorio in un periodo di pandemia, il destino delle giovani generazioni, la rivoluzione nel mondo dell\u2019energia, le opportunit\u00e0 poste dalla transizione verso un\u2019economia verde e sostenibile, il ruolo strategico delle donne nell\u2019area mediterranea e il loro contributo alla crescita sociale ed economica. Strategica per l\u2019area mediterranea \u00e8 senza dubbio anche la riflessione sul partenariato euro-mediterraneo, sul ruolo della Nato nonch\u00e9 sulle strategie nell\u2019area di Paesi come Stati Uniti, Paesi del Golfo, Russia, Cina, India e Giappone.<\/p>\n<p>A rafforzare il contributo di idee e proposte sono stati organizzati nei mesi scorsi 28 incontri in modalit\u00e0 digitale con personalit\u00e0 internazionali di altissimo livello per discutere la realt\u00e0 di Paesi chiave dell\u2019area come Siria, Libia, Israele, Palestina, Yemen e Iran. Al centro del dibattito anche temi strategici come, tra gli altri, il ruolo dell\u2019Europa, l\u2019energia verde e le migrazioni.<\/p>\n<p>&nbsp;<\/p>\n<p><iframe loading=\"lazy\" src=\"https:\/\/www.youtube-nocookie.com\/embed\/MQH-HD2c1d0\" width=\"560\" height=\"315\" seamless=\"seamless\" allowfullscreen=\"allowfullscreen\" data-mce-fragment=\"1\"><\/iframe><\/p>\n<h5><\/h5>\n","protected":false},"excerpt":{"rendered":"Il futuro del Mediterraneo dopo la pandemia &nbsp; La sesta edizione della Conferenza\u00a0Rome MED \u2013 Mediterranean Dialogues,\u00a0promossa a partire dal 2015 dal Ministero degli Affari Esteri e della Cooperazione Internazionale e dall\u2019ISPI, si tiene quest\u2019anno in formato digitale e prevede oltre 40 eventi virtuali\u00a0dal 25 novembre al 4 dicembre 2020. La conferenza si apre\u00a0mercoled\u00ec 25 [&hellip;]","protected":false},"author":1,"featured_media":0,"parent":122720,"menu_order":1,"comment_status":"closed","ping_status":"closed","template":"page-full.php","meta":{"footnotes":""},"class_list":["post-30601","page","type-page","status-publish","hentry"],"_links":{"self":[{"href":"https:\/\/www.esteri.it\/it\/wp-json\/wp\/v2\/pages\/30601","targetHints":{"allow":["GET"]}}],"collection":[{"href":"https:\/\/www.esteri.it\/it\/wp-json\/wp\/v2\/pages"}],"about":[{"href":"https:\/\/www.esteri.it\/it\/wp-json\/wp\/v2\/types\/page"}],"author":[{"embeddable":true,"href":"https:\/\/www.esteri.it\/it\/wp-json\/wp\/v2\/users\/1"}],"replies":[{"embeddable":true,"href":"https:\/\/www.esteri.it\/it\/wp-json\/wp\/v2\/comments?post=30601"}],"version-history":[{"count":4,"href":"https:\/\/www.esteri.it\/it\/wp-json\/wp\/v2\/pages\/30601\/revisions"}],"predecessor-version":[{"id":154773,"href":"https:\/\/www.esteri.it\/it\/wp-json\/wp\/v2\/pages\/30601\/revisions\/154773"}],"up":[{"embeddable":true,"href":"https:\/\/www.esteri.it\/it\/wp-json\/wp\/v2\/pages\/122720"}],"wp:attachment":[{"href":"https:\/\/www.esteri.it\/it\/wp-json\/wp\/v2\/media?parent=30601"}],"curies":[{"name":"wp","href":"https:\/\/api.w.org\/{rel}","templated":true}]}}

<p align="center"><img loading="lazy" decoding="async" src="https://www.esteri.it/mae/resource/img/2020/11/rome_med_2020.jpg" alt="rome med 2020" width="540" height="403" /></p>
<p align="center"><strong><br />
Il futuro del Mediterraneo dopo la pandemia</strong></p>
<p>&nbsp;</p>
<p>La sesta edizione della Conferenza <strong>Rome MED – Mediterranean Dialogues,</strong> promossa a partire dal 2015 dal Ministero degli Affari Esteri e della Cooperazione Internazionale e dall’ISPI, si tiene quest’anno in formato digitale e prevede oltre 40 eventi virtuali <strong>dal 25 novembre al 4 dicembre 2020.</strong></p>
<p>La conferenza si apre <strong>mercoledì 25 novembre </strong>con un intervento su piattaforma web di <strong>Luigi Di Maio, </strong>Ministro degli Affari Esteri e della Cooperazione Internazionale, e di <strong>Giampiero Massolo,</strong> Presidente ISPI.  Chiude i <strong>MED-Dialogues</strong> <strong>venerdì 4 dicembre</strong> il Presidente del Consiglio dei Ministri <strong>Giuseppe</strong> <strong>Conte. </strong></p>
<p>È possibile seguire i lavori registrandosi al seguente link: <a href="https://join.med.ispionline.it/" target="_blank" rel="noopener">https://join.med.ispionline.it/</a></p>
<p>La Conferenza vede la partecipazione di esponenti delle maggiori organizzazioni internazionali, accademici, imprenditori nonché studiosi ed esperti da tutto il mondo, con <strong>oltre 40 leader </strong>politici tra Presidenti, Primi Ministri e Ministri di diverse realtà internazionali. Partecipano tra gli altri: <strong>Sergey Viktorovich Lavrov</strong>, Ministro degli Affari Esteri, Russia;  <strong>Paolo Gentiloni,</strong> Commissario Europeo per gli Affari Economici e Monetari;  <strong>Ylva Johansson</strong>, Commissario Europeo per gli Affari Interni; <strong>Mohammad Javad Zarif</strong>, Ministro degli Affari Esteri, Iran; il Principe<strong> Faisal Bin Farhan Al Saud,</strong> Ministro degli Affari Esteri, Arabia Saudita; <strong>Subrahmanyam Jaishankar</strong>, Ministro degli Affari Esteri, India; <strong>Ahmed Maitig, </strong>Vice-Presidente del Consiglio Presidenziale Libico, GNA, Libia; <strong>Ayman Safadi</strong>, Vice Primo Ministro e Ministro degli Affari Esteri e degli Espatriati, Giordania; <strong>Riyad al Malki</strong>, Ministro degli Affari Esteri e degli Espatriati, Palestina; <strong>Othman Jerandi</strong>, Ministro degli Affari Esteri, delle Migrazioni e dei Tunisini all’estero, Tunisia; <strong>Anwar Gargash</strong>, Ministro di Stato per gli Affari Esteri, Emirati Arabi Uniti;  <strong>Nickolay Mladenov</strong>, Coordinatore Speciale ONU per il Processo di Pace in Medio Oriente; <strong>Ján Kubiš</strong>, Coordinatore Speciale ONU per il Libano; <strong>Mohammad Sanusi Barkindo</strong>, Segretario Generale OPEC.</p>
<p><strong>MED Dialogues 2020</strong> intende, pur in un’epoca di pandemia, mettere a punto un’ ”agenda positiva” per il Mediterraneo, elaborando possibili soluzioni condivise ai rischi sanitari, economici e politici che potrebbero dimostrarsi più gravi e pesanti rispetto al resto del mondo. Tra i temi strategici al centro del dibattito le principali sfide per la sicurezza, la difficile gestione del fenomeno migratorio in un periodo di pandemia, il destino delle giovani generazioni, la rivoluzione nel mondo dell’energia, le opportunità poste dalla transizione verso un’economia verde e sostenibile, il ruolo strategico delle donne nell’area mediterranea e il loro contributo alla crescita sociale ed economica. Strategica per l’area mediterranea è senza dubbio anche la riflessione sul partenariato euro-mediterraneo, sul ruolo della Nato nonché sulle strategie nell’area di Paesi come Stati Uniti, Paesi del Golfo, Russia, Cina, India e Giappone.</p>
<p>A rafforzare il contributo di idee e proposte sono stati organizzati nei mesi scorsi 28 incontri in modalità digitale con personalità internazionali di altissimo livello per discutere la realtà di Paesi chiave dell’area come Siria, Libia, Israele, Palestina, Yemen e Iran. Al centro del dibattito anche temi strategici come, tra gli altri, il ruolo dell’Europa, l’energia verde e le migrazioni.</p>
<p>&nbsp;</p>
<p><iframe loading="lazy" src="https://www.youtube-nocookie.com/embed/MQH-HD2c1d0" width="560" height="315" seamless="seamless" allowfullscreen="allowfullscreen" data-mce-fragment="1"></iframe></p>
<h5></h5>

Il futuro del Mediterraneo dopo la pandemia &nbsp; La sesta edizione della Conferenza Rome MED – Mediterranean Dialogues, promossa a partire dal 2015 dal Ministero degli Affari Esteri e della Cooperazione Internazionale e dall’ISPI, si tiene quest’anno in formato digitale e prevede oltre 40 eventi virtuali dal 25 novembre al 4 dicembre 2020. La conferenza si apre mercoledì 25 [&hellip;]
