{"id":321,"date":"2021-05-27T16:31:40","date_gmt":"2021-05-27T14:31:40","guid":{"rendered":"https:\/\/www.esteri.it\/?page_id=321"},"modified":"2026-07-21T16:04:14","modified_gmt":"2026-07-21T14:04:14","slug":"cooperaz_sviluppo","status":"publish","type":"page","link":"https:\/\/www.esteri.it\/it\/temi\/cooperaz_sviluppo\/","title":{"rendered":"Cooperazione Internazionale"},"content":{"rendered":"<p>La cooperazione internazionale allo sviluppo sostenibile \u00e8 parte integrante e qualificante della politica estera dell\u2019Italia. Essa si ispira ai princ\u00ecpi della Carta delle Nazioni Unite ed alla Carta dei diritti fondamentali dell\u2019Unione europea. La sua azione, conformemente al principio di cui all\u2019articolo 11 della Costituzione, contribuisce alla promozione della pace e della giustizia e mira a promuovere relazioni solidali e paritarie tra i popoli fondate sui princ\u00ecpi di interdipendenza e partenariato.<\/p>\n<p>Ai sensi della legge n. 125 dell\u201911 agosto 2014, che disciplina la cooperazione allo sviluppo italiana, il Vice Ministro Edmondo Cirielli coadiuva il Vice Presidente del Consiglio e Ministro degli Affari Esteri e della Cooperazione internazionale nelle tematiche attinenti alla Cooperazione allo sviluppo e presiede il \u201cComitato congiunto\u201d.<\/p>\n<p>La cooperazione allo sviluppo italiana nei decenni \u00e8 andata strutturandosi e rafforzandosi sul fronte degli strumenti, delle sue ambizioni e dei partenariati interni ed esterni ed ha giocato un ruolo crescente anche in seno al G7, al G20 e nel pi\u00f9 ampio quadro multilaterale. In ambito bilaterale, la cooperazione allo sviluppo ha inoltre contribuito a rafforzare le relazioni con numerosi Paesi partner nel Mediterraneo, in Africa, nel Medio Oriente, in Asia e in America Latina.<br \/>\nAi sensi della legge n. 125\/2014, il Documento triennale di programmazione ed indirizzo rappresenta il testo di riferimento fondamentale di tutto il sistema italiano di cooperazione allo sviluppo, tramite cui gli Obiettivi di Sviluppo Sostenibile contenuti nell\u2019Agenda 2030 delle Nazioni Unite vengono declinati all\u2019interno della strategia triennale di cooperazione allo sviluppo. Tale Documento \u00e8 frutto di un lavoro di consultazione e di condivisione svolto dalla Direzione Generale per la Cooperazione allo Sviluppo (DGCS) del MAECI e alla cui realizzazione contribuiscono l\u2019Agenzia Italiana per la Cooperazione allo Sviluppo (AICS), le altre Amministrazioni che si occupano di cooperazione allo sviluppo, Cassa Depositi e Prestiti, le Regioni e gli Enti Locali, le Organizzazioni della Societ\u00e0 Civile (OSC) e gli altri soggetti del sistema della cooperazione allo sviluppo.<\/p>\n<p>Il Documento approvato, valido per il triennio 2024-2026, ha identificato 38 Paesi prioritari, scelti per legami storici, relazioni bilaterali consolidate, ragioni di politica estera, stabilit\u00e0 e sicurezza internazionale. In linea con il Piano Mattei per l\u2019Africa, in Africa i Paesi prioritari passano da 11 a 23 (Egitto, Libia, Tunisia, Eritrea, Etiopia, Kenya, Somalia, Sudan, Uganda, Burkina Faso, Ciad, Costa d\u2019Avorio, Ghana, Guinea, Mali, Mauritania, Niger, Repubblica del Congo, Senegal, Malawi, Mozambico, Tanzania, Zambia); a questi si aggiungono 5 Paesi nell\u2019area mediorientale (Giordania, Iraq, Libano, Palestina, Siria), 1 nell\u2019Europa balcanica (Albania), 3 nell\u2019Europa Orientale (Armenia, Moldova, Ucraina) 3 in Asia (Kirghizistan, Pakistan, Tagikistan) e 3 in America Latina e Caraibi (Colombia, Cuba, El Salvador).<\/p>\n<p>L\u2019azione della Cooperazione italiana parte dal presupposto che la crescita economica non sia sufficiente per ridurre la povert\u00e0 e che essa debba essere inclusiva e in grado di coinvolgere le tre dimensioni dello sviluppo sostenibile: economica, sociale e ambientale. Per dare conto della multidimensionalit\u00e0 dello sviluppo, i settori di intervento identificati come prioritari dal Documento triennale sono i seguenti: sviluppo economico (con particolare focus sull\u2019occupazione di donne e giovani), sviluppo sostenibile, sicurezza alimentare, sostegno ai sistemi sanitari pubblici, protezione dei minori e, pi\u00f9 in generale, attivit\u00e0 di institution building. Trasversale a tutti i settori \u00e8 l\u2019uguaglianza di genere, che mira a favorire l\u2019emancipazione femminile e a rafforzare processi di crescita ad ampio spettro. Nell\u2019attivit\u00e0 di programmazione degli interventi, la Cooperazione italiana ha come punto di riferimento le 5 \u201cP\u201d (Persone, Pianeta, Prosperit\u00e0, Pace, Partenariato) dell\u2019Agenda 2030, il paradigma cui la Comunit\u00e0 internazionale ha aderito con l\u2019obiettivo di consegnare alle generazioni future un pianeta all\u2019insegna della sostenibilit\u00e0.<\/p>\n<p>&nbsp;<\/p>\n<p>&nbsp;<\/p>\n<p><strong>Ultime Notizie<\/strong><\/p>\n<ul class=\"list-unstyled\">\n\t\t\t<li class=\"mb-3 mt-3 border-bottom pb-2 row\"><div class=\"col-md-2 mt-2\">\n\t\t\t\t\t\t\t<img loading=\"lazy\" decoding=\"async\" class=\"align-self-center mr-3 img-fluid\" width=\"300\" height=\"184\" srcset=\"https:\/\/www.esteri.it\/wp-content\/uploads\/2026\/06\/cirielli-foto.jpg 826w, https:\/\/www.esteri.it\/wp-content\/uploads\/2026\/06\/cirielli-foto-300x184.jpg 300w, https:\/\/www.esteri.it\/wp-content\/uploads\/2026\/06\/cirielli-foto-768x470.jpg 768w\" sizes=\"auto, (max-width: 826px) 100vw, 826px\" src=\"https:\/\/www.esteri.it\/wp-content\/uploads\/2026\/06\/cirielli-foto.jpg\" alt=\"Dalla Cooperazione Italiana 250 mila euro per l\u2019emergenza in Nepal\">\n\t\t\t\t\t\t\t<\/div><div class=\"col-md-10\">\n                            <h5 class=\"mt-0 mb-1 title-short-list\"><a href=\"https:\/\/www.esteri.it\/it\/sala_stampa\/archivionotizie\/comunicati\/2026\/08\/dalla-cooperazione-italiana-250-mila-euro-per-lemergenza-in-nepal\/\" title=\"Vai a Dalla Cooperazione Italiana 250 mila euro per l\u2019emergenza in Nepal\">Dalla Cooperazione Italiana 250 mila euro per l\u2019emergenza in Nepal<\/a><\/h5>\n                            <span class=\"font-italic\">Il Vice Ministro Edmondo Cirielli, sentito il Ministro degli Esteri...<\/span>\n                            <\/div>\n\t\t\t\t\t\t\t\n                        <\/li>\n\t\t\t\n\t\t\t<li class=\"mb-3 mt-3 border-bottom pb-2 row\"><div class=\"col-md-2 mt-2\">\n\t\t\t\t\t\t\t<img loading=\"lazy\" decoding=\"async\" class=\"align-self-center mr-3 img-fluid\" width=\"300\" height=\"200\" srcset=\"https:\/\/www.esteri.it\/wp-content\/uploads\/2026\/08\/mario-giro-1.jpg 2048w, https:\/\/www.esteri.it\/wp-content\/uploads\/2026\/08\/mario-giro-1-300x200.jpg 300w, https:\/\/www.esteri.it\/wp-content\/uploads\/2026\/08\/mario-giro-1-1024x682.jpg 1024w, https:\/\/www.esteri.it\/wp-content\/uploads\/2026\/08\/mario-giro-1-768x511.jpg 768w, https:\/\/www.esteri.it\/wp-content\/uploads\/2026\/08\/mario-giro-1-1536x1022.jpg 1536w\" sizes=\"auto, (max-width: 2048px) 100vw, 2048px\" src=\"https:\/\/www.esteri.it\/wp-content\/uploads\/2026\/08\/mario-giro-1.jpg\" alt=\"Tajani alla presentazione del nuovo libro di Mario Giro. Diplomazia, dialogo e negoziato per la pace\">\n\t\t\t\t\t\t\t<\/div><div class=\"col-md-10\">\n                            <h5 class=\"mt-0 mb-1 title-short-list\"><a href=\"https:\/\/www.esteri.it\/it\/sala_stampa\/archivionotizie\/comunicati\/2026\/08\/tajani-alla-presentazione-del-nuovo-libro-di-mario-giro-diplomazia-dialogo-e-negoziato-per-la-pace\/\" title=\"Vai a Tajani alla presentazione del nuovo libro di Mario Giro. Diplomazia, dialogo e negoziato per la pace\">Tajani alla presentazione del nuovo libro di Mario Giro. Diplomazia, dialogo e negoziato per la pace<\/a><\/h5>\n                            <span class=\"font-italic\">Il Ministro degli Esteri, Antonio Tajani, partecipa stasera alle 20:00...<\/span>\n                            <\/div>\n\t\t\t\t\t\t\t\n                        <\/li>\n\t\t\t\n\t\t\t<li class=\"mb-3 mt-3 border-bottom pb-2 row\"><div class=\"col-md-2 mt-2\">\n\t\t\t\t\t\t\t<img loading=\"lazy\" decoding=\"async\" class=\"align-self-center mr-3 img-fluid\" width=\"300\" height=\"200\" srcset=\"https:\/\/www.esteri.it\/wp-content\/uploads\/2026\/08\/rimini-1-1.jpg 1600w, https:\/\/www.esteri.it\/wp-content\/uploads\/2026\/08\/rimini-1-1-300x200.jpg 300w, https:\/\/www.esteri.it\/wp-content\/uploads\/2026\/08\/rimini-1-1-1024x682.jpg 1024w, https:\/\/www.esteri.it\/wp-content\/uploads\/2026\/08\/rimini-1-1-768x512.jpg 768w, https:\/\/www.esteri.it\/wp-content\/uploads\/2026\/08\/rimini-1-1-1536x1023.jpg 1536w\" sizes=\"auto, (max-width: 1600px) 100vw, 1600px\" src=\"https:\/\/www.esteri.it\/wp-content\/uploads\/2026\/08\/rimini-1-1.jpg\" alt=\"Tajani al Meeting di Rimini per discutere di Europa, Libano e sicurezza alimentare\">\n\t\t\t\t\t\t\t<\/div><div class=\"col-md-10\">\n                            <h5 class=\"mt-0 mb-1 title-short-list\"><a href=\"https:\/\/www.esteri.it\/it\/sala_stampa\/archivionotizie\/comunicati\/2026\/08\/tajani-al-meeting-di-rimini-per-discutere-di-europa-libano-e-sicurezza-alimentare\/\" title=\"Vai a Tajani al Meeting di Rimini per discutere di Europa, Libano e sicurezza alimentare\">Tajani al Meeting di Rimini per discutere di Europa, Libano e sicurezza alimentare<\/a><\/h5>\n                            <span class=\"font-italic\">Il Ministro degli Esteri, Antonio Tajani, sar\u00e0 oggi al Meeting...<\/span>\n                            <\/div>\n\t\t\t\t\t\t\t\n                        <\/li>\n\t\t\t\n\t\t\t<li class=\"mb-3 mt-3 border-bottom pb-2 row\"><div class=\"col-md-2 mt-2\">\n\t\t\t\t\t\t\t<img loading=\"lazy\" decoding=\"async\" class=\"align-self-center mr-3 img-fluid\" width=\"300\" height=\"200\" srcset=\"https:\/\/www.esteri.it\/wp-content\/uploads\/2026\/08\/rimini.jpeg 2048w, https:\/\/www.esteri.it\/wp-content\/uploads\/2026\/08\/rimini-300x200.jpeg 300w, https:\/\/www.esteri.it\/wp-content\/uploads\/2026\/08\/rimini-1024x683.jpeg 1024w, https:\/\/www.esteri.it\/wp-content\/uploads\/2026\/08\/rimini-768x512.jpeg 768w, https:\/\/www.esteri.it\/wp-content\/uploads\/2026\/08\/rimini-1536x1024.jpeg 1536w\" sizes=\"auto, (max-width: 2048px) 100vw, 2048px\" src=\"https:\/\/www.esteri.it\/wp-content\/uploads\/2026\/08\/rimini.jpeg\" alt=\"Caff\u00e8 e cacao, l\u2019impegno dell\u2019Italia per filiere pi\u00f9 sostenibili e inclusive: il Vice Ministro Cirielli al Meeting di Rimini\">\n\t\t\t\t\t\t\t<\/div><div class=\"col-md-10\">\n                            <h5 class=\"mt-0 mb-1 title-short-list\"><a href=\"https:\/\/www.esteri.it\/it\/sala_stampa\/archivionotizie\/comunicati\/2026\/08\/caffe-e-cacao-limpegno-dellitalia-per-filiere-piu-sostenibili-e-inclusive-il-vice-ministro-cirielli-al-meeting-di-rimini\/\" title=\"Vai a Caff\u00e8 e cacao, l\u2019impegno dell\u2019Italia per filiere pi\u00f9 sostenibili e inclusive: il Vice Ministro Cirielli al Meeting di Rimini\">Caff\u00e8 e cacao, l\u2019impegno dell\u2019Italia per filiere pi\u00f9 sostenibili e inclusive: il Vice Ministro Cirielli al Meeting di Rimini<\/a><\/h5>\n                            <span class=\"font-italic\">Nell\u2019ambito del programma del Ministero degli Esteri al Meeting di...<\/span>\n                            <\/div>\n\t\t\t\t\t\t\t\n                        <\/li>\n\t\t\t<li class=\"mt-2\">\n\t\t\t\t<a class=\"text-decoration-none fw-bold\" href=\"https:\/\/www.esteri.it\/it\/sala_stampa\/archivionotizie\/tag\/cooperazione-sviluppo\/\" title=\"Vedi tutti\">\n\t\t\t\t\tVedi tutti\n\t\t\t\t\t<svg class=\"icon icon-sm icon-primary\"><use xlink:href=\"https:\/\/www.esteri.it\/wp-content\/themes\/mae\/assets\/svg\/sprite.svg#it-arrow-right\"><\/use><\/svg>\n\t\t\t\t<\/a>\n\t\t\t<\/li>\n\t\t<\/ul>\n<p>&nbsp;<\/p>\n<p>&nbsp;<\/p>\n","protected":false},"excerpt":{"rendered":"La cooperazione internazionale allo sviluppo sostenibile \u00e8 parte integrante e qualificante della politica estera dell\u2019Italia. Essa si ispira ai princ\u00ecpi della Carta delle Nazioni Unite ed alla Carta dei diritti fondamentali dell\u2019Unione europea. La sua azione, conformemente al principio di cui all\u2019articolo 11 della Costituzione, contribuisce alla promozione della pace e della giustizia e mira [&hellip;]","protected":false},"author":1,"featured_media":0,"parent":155826,"menu_order":70,"comment_status":"closed","ping_status":"closed","template":"page-estera.php","meta":{"footnotes":""},"class_list":["post-321","page","type-page","status-publish","hentry"],"_links":{"self":[{"href":"https:\/\/www.esteri.it\/it\/wp-json\/wp\/v2\/pages\/321","targetHints":{"allow":["GET"]}}],"collection":[{"href":"https:\/\/www.esteri.it\/it\/wp-json\/wp\/v2\/pages"}],"about":[{"href":"https:\/\/www.esteri.it\/it\/wp-json\/wp\/v2\/types\/page"}],"author":[{"embeddable":true,"href":"https:\/\/www.esteri.it\/it\/wp-json\/wp\/v2\/users\/1"}],"replies":[{"embeddable":true,"href":"https:\/\/www.esteri.it\/it\/wp-json\/wp\/v2\/comments?post=321"}],"version-history":[{"count":6,"href":"https:\/\/www.esteri.it\/it\/wp-json\/wp\/v2\/pages\/321\/revisions"}],"predecessor-version":[{"id":140082,"href":"https:\/\/www.esteri.it\/it\/wp-json\/wp\/v2\/pages\/321\/revisions\/140082"}],"up":[{"embeddable":true,"href":"https:\/\/www.esteri.it\/it\/wp-json\/wp\/v2\/pages\/155826"}],"wp:attachment":[{"href":"https:\/\/www.esteri.it\/it\/wp-json\/wp\/v2\/media?parent=321"}],"curies":[{"name":"wp","href":"https:\/\/api.w.org\/{rel}","templated":true}]}}

<p>La cooperazione internazionale allo sviluppo sostenibile è parte integrante e qualificante della politica estera dell’Italia. Essa si ispira ai princìpi della Carta delle Nazioni Unite ed alla Carta dei diritti fondamentali dell’Unione europea. La sua azione, conformemente al principio di cui all’articolo 11 della Costituzione, contribuisce alla promozione della pace e della giustizia e mira a promuovere relazioni solidali e paritarie tra i popoli fondate sui princìpi di interdipendenza e partenariato.</p>
<p>Ai sensi della legge n. 125 dell’11 agosto 2014, che disciplina la cooperazione allo sviluppo italiana, il Vice Ministro Edmondo Cirielli coadiuva il Vice Presidente del Consiglio e Ministro degli Affari Esteri e della Cooperazione internazionale nelle tematiche attinenti alla Cooperazione allo sviluppo e presiede il “Comitato congiunto”.</p>
<p>La cooperazione allo sviluppo italiana nei decenni è andata strutturandosi e rafforzandosi sul fronte degli strumenti, delle sue ambizioni e dei partenariati interni ed esterni ed ha giocato un ruolo crescente anche in seno al G7, al G20 e nel più ampio quadro multilaterale. In ambito bilaterale, la cooperazione allo sviluppo ha inoltre contribuito a rafforzare le relazioni con numerosi Paesi partner nel Mediterraneo, in Africa, nel Medio Oriente, in Asia e in America Latina.<br />
Ai sensi della legge n. 125/2014, il Documento triennale di programmazione ed indirizzo rappresenta il testo di riferimento fondamentale di tutto il sistema italiano di cooperazione allo sviluppo, tramite cui gli Obiettivi di Sviluppo Sostenibile contenuti nell’Agenda 2030 delle Nazioni Unite vengono declinati all’interno della strategia triennale di cooperazione allo sviluppo. Tale Documento è frutto di un lavoro di consultazione e di condivisione svolto dalla Direzione Generale per la Cooperazione allo Sviluppo (DGCS) del MAECI e alla cui realizzazione contribuiscono l’Agenzia Italiana per la Cooperazione allo Sviluppo (AICS), le altre Amministrazioni che si occupano di cooperazione allo sviluppo, Cassa Depositi e Prestiti, le Regioni e gli Enti Locali, le Organizzazioni della Società Civile (OSC) e gli altri soggetti del sistema della cooperazione allo sviluppo.</p>
<p>Il Documento approvato, valido per il triennio 2024-2026, ha identificato 38 Paesi prioritari, scelti per legami storici, relazioni bilaterali consolidate, ragioni di politica estera, stabilità e sicurezza internazionale. In linea con il Piano Mattei per l’Africa, in Africa i Paesi prioritari passano da 11 a 23 (Egitto, Libia, Tunisia, Eritrea, Etiopia, Kenya, Somalia, Sudan, Uganda, Burkina Faso, Ciad, Costa d’Avorio, Ghana, Guinea, Mali, Mauritania, Niger, Repubblica del Congo, Senegal, Malawi, Mozambico, Tanzania, Zambia); a questi si aggiungono 5 Paesi nell’area mediorientale (Giordania, Iraq, Libano, Palestina, Siria), 1 nell’Europa balcanica (Albania), 3 nell’Europa Orientale (Armenia, Moldova, Ucraina) 3 in Asia (Kirghizistan, Pakistan, Tagikistan) e 3 in America Latina e Caraibi (Colombia, Cuba, El Salvador).</p>
<p>L’azione della Cooperazione italiana parte dal presupposto che la crescita economica non sia sufficiente per ridurre la povertà e che essa debba essere inclusiva e in grado di coinvolgere le tre dimensioni dello sviluppo sostenibile: economica, sociale e ambientale. Per dare conto della multidimensionalità dello sviluppo, i settori di intervento identificati come prioritari dal Documento triennale sono i seguenti: sviluppo economico (con particolare focus sull’occupazione di donne e giovani), sviluppo sostenibile, sicurezza alimentare, sostegno ai sistemi sanitari pubblici, protezione dei minori e, più in generale, attività di institution building. Trasversale a tutti i settori è l’uguaglianza di genere, che mira a favorire l’emancipazione femminile e a rafforzare processi di crescita ad ampio spettro. Nell’attività di programmazione degli interventi, la Cooperazione italiana ha come punto di riferimento le 5 “P” (Persone, Pianeta, Prosperità, Pace, Partenariato) dell’Agenda 2030, il paradigma cui la Comunità internazionale ha aderito con l’obiettivo di consegnare alle generazioni future un pianeta all’insegna della sostenibilità.</p>
<p>&nbsp;</p>
<p>&nbsp;</p>
<p><strong>Ultime Notizie</strong></p>
<ul class="list-unstyled">
			<li class="mb-3 mt-3 border-bottom pb-2 row"><div class="col-md-2 mt-2">
							<img loading="lazy" decoding="async" class="align-self-center mr-3 img-fluid" width="300" height="184" srcset="https://www.esteri.it/wp-content/uploads/2026/06/cirielli-foto.jpg 826w, https://www.esteri.it/wp-content/uploads/2026/06/cirielli-foto-300x184.jpg 300w, https://www.esteri.it/wp-content/uploads/2026/06/cirielli-foto-768x470.jpg 768w" sizes="auto, (max-width: 826px) 100vw, 826px" src="https://www.esteri.it/wp-content/uploads/2026/06/cirielli-foto.jpg" alt="Dalla Cooperazione Italiana 250 mila euro per l’emergenza in Nepal">
							</div><div class="col-md-10">
                            <h5 class="mt-0 mb-1 title-short-list"><a href="https://www.esteri.it/it/sala_stampa/archivionotizie/comunicati/2026/08/dalla-cooperazione-italiana-250-mila-euro-per-lemergenza-in-nepal/" title="Vai a Dalla Cooperazione Italiana 250 mila euro per l’emergenza in Nepal">Dalla Cooperazione Italiana 250 mila euro per l’emergenza in Nepal</a></h5>
                            <span class="font-italic">Il Vice Ministro Edmondo Cirielli, sentito il Ministro degli Esteri...</span>
                            </div>
							
                        </li>
			
			<li class="mb-3 mt-3 border-bottom pb-2 row"><div class="col-md-2 mt-2">
							<img loading="lazy" decoding="async" class="align-self-center mr-3 img-fluid" width="300" height="200" srcset="https://www.esteri.it/wp-content/uploads/2026/08/mario-giro-1.jpg 2048w, https://www.esteri.it/wp-content/uploads/2026/08/mario-giro-1-300x200.jpg 300w, https://www.esteri.it/wp-content/uploads/2026/08/mario-giro-1-1024x682.jpg 1024w, https://www.esteri.it/wp-content/uploads/2026/08/mario-giro-1-768x511.jpg 768w, https://www.esteri.it/wp-content/uploads/2026/08/mario-giro-1-1536x1022.jpg 1536w" sizes="auto, (max-width: 2048px) 100vw, 2048px" src="https://www.esteri.it/wp-content/uploads/2026/08/mario-giro-1.jpg" alt="Tajani alla presentazione del nuovo libro di Mario Giro. Diplomazia, dialogo e negoziato per la pace">
							</div><div class="col-md-10">
                            <h5 class="mt-0 mb-1 title-short-list"><a href="https://www.esteri.it/it/sala_stampa/archivionotizie/comunicati/2026/08/tajani-alla-presentazione-del-nuovo-libro-di-mario-giro-diplomazia-dialogo-e-negoziato-per-la-pace/" title="Vai a Tajani alla presentazione del nuovo libro di Mario Giro. Diplomazia, dialogo e negoziato per la pace">Tajani alla presentazione del nuovo libro di Mario Giro. Diplomazia, dialogo e negoziato per la pace</a></h5>
                            <span class="font-italic">Il Ministro degli Esteri, Antonio Tajani, partecipa stasera alle 20:00...</span>
                            </div>
							
                        </li>
			
			<li class="mb-3 mt-3 border-bottom pb-2 row"><div class="col-md-2 mt-2">
							<img loading="lazy" decoding="async" class="align-self-center mr-3 img-fluid" width="300" height="200" srcset="https://www.esteri.it/wp-content/uploads/2026/08/rimini-1-1.jpg 1600w, https://www.esteri.it/wp-content/uploads/2026/08/rimini-1-1-300x200.jpg 300w, https://www.esteri.it/wp-content/uploads/2026/08/rimini-1-1-1024x682.jpg 1024w, https://www.esteri.it/wp-content/uploads/2026/08/rimini-1-1-768x512.jpg 768w, https://www.esteri.it/wp-content/uploads/2026/08/rimini-1-1-1536x1023.jpg 1536w" sizes="auto, (max-width: 1600px) 100vw, 1600px" src="https://www.esteri.it/wp-content/uploads/2026/08/rimini-1-1.jpg" alt="Tajani al Meeting di Rimini per discutere di Europa, Libano e sicurezza alimentare">
							</div><div class="col-md-10">
                            <h5 class="mt-0 mb-1 title-short-list"><a href="https://www.esteri.it/it/sala_stampa/archivionotizie/comunicati/2026/08/tajani-al-meeting-di-rimini-per-discutere-di-europa-libano-e-sicurezza-alimentare/" title="Vai a Tajani al Meeting di Rimini per discutere di Europa, Libano e sicurezza alimentare">Tajani al Meeting di Rimini per discutere di Europa, Libano e sicurezza alimentare</a></h5>
                            <span class="font-italic">Il Ministro degli Esteri, Antonio Tajani, sarà oggi al Meeting...</span>
                            </div>
							
                        </li>
			
			<li class="mb-3 mt-3 border-bottom pb-2 row"><div class="col-md-2 mt-2">
							<img loading="lazy" decoding="async" class="align-self-center mr-3 img-fluid" width="300" height="200" srcset="https://www.esteri.it/wp-content/uploads/2026/08/rimini.jpeg 2048w, https://www.esteri.it/wp-content/uploads/2026/08/rimini-300x200.jpeg 300w, https://www.esteri.it/wp-content/uploads/2026/08/rimini-1024x683.jpeg 1024w, https://www.esteri.it/wp-content/uploads/2026/08/rimini-768x512.jpeg 768w, https://www.esteri.it/wp-content/uploads/2026/08/rimini-1536x1024.jpeg 1536w" sizes="auto, (max-width: 2048px) 100vw, 2048px" src="https://www.esteri.it/wp-content/uploads/2026/08/rimini.jpeg" alt="Caffè e cacao, l’impegno dell’Italia per filiere più sostenibili e inclusive: il Vice Ministro Cirielli al Meeting di Rimini">
							</div><div class="col-md-10">
                            <h5 class="mt-0 mb-1 title-short-list"><a href="https://www.esteri.it/it/sala_stampa/archivionotizie/comunicati/2026/08/caffe-e-cacao-limpegno-dellitalia-per-filiere-piu-sostenibili-e-inclusive-il-vice-ministro-cirielli-al-meeting-di-rimini/" title="Vai a Caffè e cacao, l’impegno dell’Italia per filiere più sostenibili e inclusive: il Vice Ministro Cirielli al Meeting di Rimini">Caffè e cacao, l’impegno dell’Italia per filiere più sostenibili e inclusive: il Vice Ministro Cirielli al Meeting di Rimini</a></h5>
                            <span class="font-italic">Nell’ambito del programma del Ministero degli Esteri al Meeting di...</span>
                            </div>
							
                        </li>
			<li class="mt-2">
				<a class="text-decoration-none fw-bold" href="https://www.esteri.it/it/sala_stampa/archivionotizie/tag/cooperazione-sviluppo/" title="Vedi tutti">
					Vedi tutti
					<svg class="icon icon-sm icon-primary"><use xlink:href="https://www.esteri.it/wp-content/themes/mae/assets/svg/sprite.svg#it-arrow-right"></use></svg>
				</a>
			</li>
		</ul>
<p>&nbsp;</p>
<p>&nbsp;</p>

La cooperazione internazionale allo sviluppo sostenibile è parte integrante e qualificante della politica estera dell’Italia. Essa si ispira ai princìpi della Carta delle Nazioni Unite ed alla Carta dei diritti fondamentali dell’Unione europea. La sua azione, conformemente al principio di cui all’articolo 11 della Costituzione, contribuisce alla promozione della pace e della giustizia e mira [&hellip;]
