{"id":45309,"date":"2021-10-06T17:16:35","date_gmt":"2021-10-06T15:16:35","guid":{"rendered":"https:\/\/www.esteri.it\/?page_id=45309"},"modified":"2021-10-06T17:37:47","modified_gmt":"2021-10-06T15:37:47","slug":"mario_giro","status":"publish","type":"page","link":"https:\/\/www.esteri.it\/it\/ministero\/viceministri_sottosegretari\/mario_giro\/","title":{"rendered":"Vice Ministro Mario Giro"},"content":{"rendered":"<p><img loading=\"lazy\" decoding=\"async\" class=\"alignnone size-full wp-image-45310 img-fluid\" src=\"http:\/\/www.esteri.it\/wp-content\/uploads\/2021\/10\/20140318_mario_giro.jpg\" alt=\"Foto Mario Giro\" width=\"160\" height=\"199\" \/><\/p>\n<p>Nato a Roma il 29 luglio 1958, ha vissuto a Bruxelles fino all&#8217;et\u00e0 di 15 anni, compiendo gli studi elementari e secondari inferiori alla Scuola Europea di Uccle. Ha conseguito la Maturit\u00e0 scientifica.<\/p>\n<p>Nel 1984 si \u00e8 laureato in Lettere con una tesi di storia economica all&#8217;universit\u00e0 di Roma I &#8211; La Sapienza.<\/p>\n<p>Membro della Comunit\u00e0 di Sant&#8217;Egidio nel 1975, ha partecipato alle attivit\u00e0 di sostegno scolastico ai bambini poveri della periferia romana.<br \/>\nAlla met\u00e0 degli anni \u201880 inizia l\u2019impegno nelle relazioni di dialogo interreligioso, in particolare col mondo musulmano, e la collaborazione all&#8217;organizzazione degli Incontri annuali Internazionali di Preghiera per la Pace, fin dalla giornata di Assisi del 1986.<\/p>\n<p>Dal 1989 ha lavorato in Africa per lo sviluppo della Comunit\u00e0 di Sant\u2019Egidio, in special modo in Costa d&#8217;Avorio e nel Camerun.<\/p>\n<p>Dall&#8217;inizio degli anni &#8217;90 si occupa delle relazioni internazionali e delle attivit\u00e0 di mediazione per la pace. Dal 1998 al 2013 ha ricoperto la carica di Responsabile delle Relazioni Internazionali della Comunit\u00e0 di Sant&#8217;Egidio, venendo coinvolto in diversi processi di mediazione tra cui l&#8217;Algeria (1994-5), il Kosovo (1998-9), la RDC e il Burundi (2000), la Costa d&#8217;Avorio (2002-2011), la Liberia (2004-5), il Togo (2003), il Darfur (dal 2004), il Nord Uganda (2006-8), la Guinea (2007-11), il Niger (2011), la Libia (2011), la Siria (2012) e la Casamance \u2013 Senegal (2012).<\/p>\n<p>Nel 2010 ha ricevuto il Premio per la Pace Preventiva della Fondazione Chirac.<\/p>\n<p>Nel 2012 \u00e8 stato Consigliere del Ministro della Cooperazione Internazionale e dell\u2019Integrazione, organizzando il Forum della Cooperazione Internazionale di Milano, che ha portato l\u2019Italia a reinvestire nell\u2019area del Sahel e a delineare il futuro assetto istituzionale per la cooperazione.<\/p>\n<p>Il 3 maggio 2013 \u00e8 stato nominato dal governo Letta Sottosegretario agli Affari Esteri con delega all\u2019America Latina e Centrale, all\u2019Africa australe della SADC, alla promozione della lingua e cultura italiana.<\/p>\n<p>Ha curato il rilancio delle relazioni politiche, commerciali e culturali con l\u2019America Latina, realizzando la VI Conferenza Italia America Latina e proponendo l\u2019avvio dell\u2019anno della cultura \u201cItalia in America Latina\u201d.<br \/>\nPer quel che riguarda la promozione della lingua e cultura italiana, ha lanciato l\u2019Albo degli ex-alunni famosi dei corsi di lingua italiana delle scuole e istituti allo estero famosi, con lo scopo di stabile contatti con gli italofoni.<\/p>\n<p>Il 28 febbraio 2014 \u00e8 stato confermato dal governo Renzi, mantenendo la competenza in materia di relazioni con l\u2019America Latina e Centrale e la promozione culturale e linguistica. Sono state aggiunte le deleghe agli italiani all\u2019estero ed ai rapporti con il Canada.<\/p>\n<p>Il 29 gennaio 2016 viene nominato, dal Governo Renzi, Vice Ministro degli Esteri con delega alla Cooperazione Internazionale.<\/p>\n<p>&nbsp;<\/p>\n<p><strong>Situazione Patrimoniale:<\/strong><\/p>\n<div class=\"table-responsive\">\n<table class=\"table\">\n<tbody>\n<tr>\n<td>a)<\/td>\n<td>ATTO DI NOMINA<\/td>\n<td><a href=\"http:\/\/www.gazzettaufficiale.it\/atto\/serie_generale\/caricaDettaglioAtto\/originario?atto.dataPubblicazioneGazzetta=2016-03-12&amp;atto.codiceRedazionale=16A02174&amp;elenco30giorni=false\">Decreto del Presidente della Repubblica\u00a07 marzo 2016 (pubblicato in GU Serie Generale n.60 del 12-03-2016)<\/a><a title=\"Decreto del Presidente della Repubblica\u00a012 dicembre 2016 (pubblicato in GU Serie Generale n.293 del 16-12-2016\" href=\"https:\/\/www.esteri.it\/mae\/Decreto%20del%20Presidente%20della%20Repubblica%C2%A012%20dicembre%202016%20(pubblicato%20in%20GU%20Serie%20Generale%20n.293%20del%2016-12-2016\"><br \/>\n<\/a><\/td>\n<\/tr>\n<tr>\n<td>b)<\/td>\n<td>CURRICULUM VITAE<\/td>\n<td>Curriculum vitae<\/td>\n<\/tr>\n<tr>\n<td><\/td>\n<td><\/td>\n<td><\/td>\n<\/tr>\n<tr>\n<td rowspan=\"2\">c)<\/td>\n<td>COMPENSI<\/td>\n<td>Il Ministero degli affari esteri non corrisponde alcun compenso stipendiale al Vice Ministro per il divieto di cumulo con l\u2019indennit\u00e0 spettante ai Vice Ministri parlamentari ai sensi dell\u2019art. 3, DL 54\/2013, convertito nella L. 85\/2013<\/td>\n<\/tr>\n<tr>\n<td>MISSIONI<\/td>\n<td>Nessuna diaria percepita<\/td>\n<\/tr>\n<tr>\n<td><\/td>\n<td><\/td>\n<td><\/td>\n<\/tr>\n<tr>\n<td>d)<\/td>\n<td>ALTRE CARICHE PRESSO ENTI PUBBLICI E PRIVATI<\/td>\n<td>Dichiarazione<\/td>\n<\/tr>\n<tr>\n<td><\/td>\n<td><\/td>\n<td><\/td>\n<\/tr>\n<tr>\n<td>e)<\/td>\n<td>ALTRI INCARICHI CON ONERI A CARICO DELLA FINANZA PUBBLICA<\/td>\n<td>Nessun incarico<\/td>\n<\/tr>\n<\/tbody>\n<\/table>\n<\/div>\n","protected":false},"excerpt":{"rendered":"Nato a Roma il 29 luglio 1958, ha vissuto a Bruxelles fino all&#8217;et\u00e0 di 15 anni, compiendo gli studi elementari e secondari inferiori alla Scuola Europea di Uccle. Ha conseguito la Maturit\u00e0 scientifica. Nel 1984 si \u00e8 laureato in Lettere con una tesi di storia economica all&#8217;universit\u00e0 di Roma I &#8211; La Sapienza. Membro della [&hellip;]","protected":false},"author":1,"featured_media":0,"parent":28777,"menu_order":0,"comment_status":"closed","ping_status":"closed","template":"","meta":{"footnotes":""},"class_list":["post-45309","page","type-page","status-publish","hentry"],"_links":{"self":[{"href":"https:\/\/www.esteri.it\/it\/wp-json\/wp\/v2\/pages\/45309","targetHints":{"allow":["GET"]}}],"collection":[{"href":"https:\/\/www.esteri.it\/it\/wp-json\/wp\/v2\/pages"}],"about":[{"href":"https:\/\/www.esteri.it\/it\/wp-json\/wp\/v2\/types\/page"}],"author":[{"embeddable":true,"href":"https:\/\/www.esteri.it\/it\/wp-json\/wp\/v2\/users\/1"}],"replies":[{"embeddable":true,"href":"https:\/\/www.esteri.it\/it\/wp-json\/wp\/v2\/comments?post=45309"}],"version-history":[{"count":0,"href":"https:\/\/www.esteri.it\/it\/wp-json\/wp\/v2\/pages\/45309\/revisions"}],"up":[{"embeddable":true,"href":"https:\/\/www.esteri.it\/it\/wp-json\/wp\/v2\/pages\/28777"}],"wp:attachment":[{"href":"https:\/\/www.esteri.it\/it\/wp-json\/wp\/v2\/media?parent=45309"}],"curies":[{"name":"wp","href":"https:\/\/api.w.org\/{rel}","templated":true}]}}

<p><img loading="lazy" decoding="async" class="alignnone size-full wp-image-45310 img-fluid" src="http://www.esteri.it/wp-content/uploads/2021/10/20140318_mario_giro.jpg" alt="Foto Mario Giro" width="160" height="199" /></p>
<p>Nato a Roma il 29 luglio 1958, ha vissuto a Bruxelles fino all&#8217;età di 15 anni, compiendo gli studi elementari e secondari inferiori alla Scuola Europea di Uccle. Ha conseguito la Maturità scientifica.</p>
<p>Nel 1984 si è laureato in Lettere con una tesi di storia economica all&#8217;università di Roma I &#8211; La Sapienza.</p>
<p>Membro della Comunità di Sant&#8217;Egidio nel 1975, ha partecipato alle attività di sostegno scolastico ai bambini poveri della periferia romana.<br />
Alla metà degli anni ‘80 inizia l’impegno nelle relazioni di dialogo interreligioso, in particolare col mondo musulmano, e la collaborazione all&#8217;organizzazione degli Incontri annuali Internazionali di Preghiera per la Pace, fin dalla giornata di Assisi del 1986.</p>
<p>Dal 1989 ha lavorato in Africa per lo sviluppo della Comunità di Sant’Egidio, in special modo in Costa d&#8217;Avorio e nel Camerun.</p>
<p>Dall&#8217;inizio degli anni &#8217;90 si occupa delle relazioni internazionali e delle attività di mediazione per la pace. Dal 1998 al 2013 ha ricoperto la carica di Responsabile delle Relazioni Internazionali della Comunità di Sant&#8217;Egidio, venendo coinvolto in diversi processi di mediazione tra cui l&#8217;Algeria (1994-5), il Kosovo (1998-9), la RDC e il Burundi (2000), la Costa d&#8217;Avorio (2002-2011), la Liberia (2004-5), il Togo (2003), il Darfur (dal 2004), il Nord Uganda (2006-8), la Guinea (2007-11), il Niger (2011), la Libia (2011), la Siria (2012) e la Casamance – Senegal (2012).</p>
<p>Nel 2010 ha ricevuto il Premio per la Pace Preventiva della Fondazione Chirac.</p>
<p>Nel 2012 è stato Consigliere del Ministro della Cooperazione Internazionale e dell’Integrazione, organizzando il Forum della Cooperazione Internazionale di Milano, che ha portato l’Italia a reinvestire nell’area del Sahel e a delineare il futuro assetto istituzionale per la cooperazione.</p>
<p>Il 3 maggio 2013 è stato nominato dal governo Letta Sottosegretario agli Affari Esteri con delega all’America Latina e Centrale, all’Africa australe della SADC, alla promozione della lingua e cultura italiana.</p>
<p>Ha curato il rilancio delle relazioni politiche, commerciali e culturali con l’America Latina, realizzando la VI Conferenza Italia America Latina e proponendo l’avvio dell’anno della cultura “Italia in America Latina”.<br />
Per quel che riguarda la promozione della lingua e cultura italiana, ha lanciato l’Albo degli ex-alunni famosi dei corsi di lingua italiana delle scuole e istituti allo estero famosi, con lo scopo di stabile contatti con gli italofoni.</p>
<p>Il 28 febbraio 2014 è stato confermato dal governo Renzi, mantenendo la competenza in materia di relazioni con l’America Latina e Centrale e la promozione culturale e linguistica. Sono state aggiunte le deleghe agli italiani all’estero ed ai rapporti con il Canada.</p>
<p>Il 29 gennaio 2016 viene nominato, dal Governo Renzi, Vice Ministro degli Esteri con delega alla Cooperazione Internazionale.</p>
<p>&nbsp;</p>
<p><strong>Situazione Patrimoniale:</strong></p>
<div class="table-responsive">
<table class="table">
<tbody>
<tr>
<td>a)</td>
<td>ATTO DI NOMINA</td>
<td><a href="http://www.gazzettaufficiale.it/atto/serie_generale/caricaDettaglioAtto/originario?atto.dataPubblicazioneGazzetta=2016-03-12&amp;atto.codiceRedazionale=16A02174&amp;elenco30giorni=false">Decreto del Presidente della Repubblica 7 marzo 2016 (pubblicato in GU Serie Generale n.60 del 12-03-2016)</a><a title="Decreto del Presidente della Repubblica 12 dicembre 2016 (pubblicato in GU Serie Generale n.293 del 16-12-2016" href="https://www.esteri.it/mae/Decreto%20del%20Presidente%20della%20Repubblica%C2%A012%20dicembre%202016%20(pubblicato%20in%20GU%20Serie%20Generale%20n.293%20del%2016-12-2016"><br />
</a></td>
</tr>
<tr>
<td>b)</td>
<td>CURRICULUM VITAE</td>
<td>Curriculum vitae</td>
</tr>
<tr>
<td></td>
<td></td>
<td></td>
</tr>
<tr>
<td rowspan="2">c)</td>
<td>COMPENSI</td>
<td>Il Ministero degli affari esteri non corrisponde alcun compenso stipendiale al Vice Ministro per il divieto di cumulo con l’indennità spettante ai Vice Ministri parlamentari ai sensi dell’art. 3, DL 54/2013, convertito nella L. 85/2013</td>
</tr>
<tr>
<td>MISSIONI</td>
<td>Nessuna diaria percepita</td>
</tr>
<tr>
<td></td>
<td></td>
<td></td>
</tr>
<tr>
<td>d)</td>
<td>ALTRE CARICHE PRESSO ENTI PUBBLICI E PRIVATI</td>
<td>Dichiarazione</td>
</tr>
<tr>
<td></td>
<td></td>
<td></td>
</tr>
<tr>
<td>e)</td>
<td>ALTRI INCARICHI CON ONERI A CARICO DELLA FINANZA PUBBLICA</td>
<td>Nessun incarico</td>
</tr>
</tbody>
</table>
</div>

Nato a Roma il 29 luglio 1958, ha vissuto a Bruxelles fino all&#8217;età di 15 anni, compiendo gli studi elementari e secondari inferiori alla Scuola Europea di Uccle. Ha conseguito la Maturità scientifica. Nel 1984 si è laureato in Lettere con una tesi di storia economica all&#8217;università di Roma I &#8211; La Sapienza. Membro della [&hellip;]
