{"id":45350,"date":"2021-10-06T18:26:18","date_gmt":"2021-10-06T16:26:18","guid":{"rendered":"https:\/\/www.esteri.it\/?page_id=45350"},"modified":"2022-10-17T11:17:46","modified_gmt":"2022-10-17T09:17:46","slug":"dassu","status":"publish","type":"page","link":"https:\/\/www.esteri.it\/it\/ministero\/viceministri_sottosegretari\/dassu\/","title":{"rendered":"Vice Ministro Marta Dass\u00f9"},"content":{"rendered":"<p><img loading=\"lazy\" decoding=\"async\" class=\"alignnone size-full wp-image-45352 img-fluid\" src=\"http:\/\/www.esteri.it\/wp-content\/uploads\/2021\/10\/dassumarta_medium.jpg\" alt=\"Foto Marta Dassu\" width=\"160\" height=\"236\" \/><\/p>\n<p>&nbsp;<\/p>\n<p>Marta Dass\u00f9 \u00e8 stata Direttore Generale per le Attivit\u00e0 Internazionali di Aspen Institute Italia fino alla sua nomina a Sottosegretario agli Affari Esteri avvenuta il 27\/11\/2011. Resta Direttore della rivista Aspenia.<\/p>\n<p>Ha fatto parte del Comitato Scientifico di Confindustria e della Trilateral Commission.<\/p>\n<p>\u00c8 nel Comitato Direttivo dello IAI (Istituto Affari internazionali) di Roma e nel board dei seguenti istituti: Centro di Alti Studi sulla Cina contemporanea di Torino, Istituto di Studi diplomatici di Roma, IISS (International Institute for Strategic Studies) di Londra.<\/p>\n<p>E&#8217; membro dell&#8217;Advisor Board della School of Government della Luiss Guido Carli di Roma.<\/p>\n<p>\u00c8 stata responsabile, nel 2006-2007, del \u201cGruppo di riflessione strategico\u201d presso il Ministero degli Affari Esteri. \u00c8 stata Consigliere per le relazioni internazionali dei Primi Ministri Massimo D&#8217;Alema e Giuliano Amato.<\/p>\n<p>Nel giugno del 2003 ha ricevuto la L\u00e9gion d&#8217;Honneur.<\/p>\n<p>Nel febbraio del 2013 ha ricevuto la Gran Croce al Merito di II classe della Repubblica Federale di Germania.<\/p>\n<p>Nel 2001 e nel 2002 ha insegnato Relazioni internazionali all&#8217;Universit\u00e0 &#8220;La Sapienza&#8221; di Roma.<\/p>\n<p>E&#8217; editorialista de &#8220;La Stampa&#8221;.<\/p>\n<p>Ha scritto e curato vari studi e saggi sulle relazioni internazionali, fra cui \u201cThe Refom Decade in China: from Hope to Dismay\u201d (Kegan Paul International, London). \u00c8 autrice di \u201cMondo privato e altre storie\u201d (Bollati Boringhieri, 2009).<\/p>\n","protected":false},"excerpt":{"rendered":"&nbsp; Marta Dass\u00f9 \u00e8 stata Direttore Generale per le Attivit\u00e0 Internazionali di Aspen Institute Italia fino alla sua nomina a Sottosegretario agli Affari Esteri avvenuta il 27\/11\/2011. Resta Direttore della rivista Aspenia. Ha fatto parte del Comitato Scientifico di Confindustria e della Trilateral Commission. \u00c8 nel Comitato Direttivo dello IAI (Istituto Affari internazionali) di Roma [&hellip;]","protected":false},"author":1,"featured_media":0,"parent":28777,"menu_order":0,"comment_status":"closed","ping_status":"closed","template":"","meta":{"footnotes":""},"class_list":["post-45350","page","type-page","status-publish","hentry"],"_links":{"self":[{"href":"https:\/\/www.esteri.it\/it\/wp-json\/wp\/v2\/pages\/45350","targetHints":{"allow":["GET"]}}],"collection":[{"href":"https:\/\/www.esteri.it\/it\/wp-json\/wp\/v2\/pages"}],"about":[{"href":"https:\/\/www.esteri.it\/it\/wp-json\/wp\/v2\/types\/page"}],"author":[{"embeddable":true,"href":"https:\/\/www.esteri.it\/it\/wp-json\/wp\/v2\/users\/1"}],"replies":[{"embeddable":true,"href":"https:\/\/www.esteri.it\/it\/wp-json\/wp\/v2\/comments?post=45350"}],"version-history":[{"count":1,"href":"https:\/\/www.esteri.it\/it\/wp-json\/wp\/v2\/pages\/45350\/revisions"}],"predecessor-version":[{"id":88172,"href":"https:\/\/www.esteri.it\/it\/wp-json\/wp\/v2\/pages\/45350\/revisions\/88172"}],"up":[{"embeddable":true,"href":"https:\/\/www.esteri.it\/it\/wp-json\/wp\/v2\/pages\/28777"}],"wp:attachment":[{"href":"https:\/\/www.esteri.it\/it\/wp-json\/wp\/v2\/media?parent=45350"}],"curies":[{"name":"wp","href":"https:\/\/api.w.org\/{rel}","templated":true}]}}

Vice Ministro Marta Dassù

<p><img loading="lazy" decoding="async" class="alignnone size-full wp-image-45352 img-fluid" src="http://www.esteri.it/wp-content/uploads/2021/10/dassumarta_medium.jpg" alt="Foto Marta Dassu" width="160" height="236" /></p>
<p>&nbsp;</p>
<p>Marta Dassù è stata Direttore Generale per le Attività Internazionali di Aspen Institute Italia fino alla sua nomina a Sottosegretario agli Affari Esteri avvenuta il 27/11/2011. Resta Direttore della rivista Aspenia.</p>
<p>Ha fatto parte del Comitato Scientifico di Confindustria e della Trilateral Commission.</p>
<p>È nel Comitato Direttivo dello IAI (Istituto Affari internazionali) di Roma e nel board dei seguenti istituti: Centro di Alti Studi sulla Cina contemporanea di Torino, Istituto di Studi diplomatici di Roma, IISS (International Institute for Strategic Studies) di Londra.</p>
<p>E&#8217; membro dell&#8217;Advisor Board della School of Government della Luiss Guido Carli di Roma.</p>
<p>È stata responsabile, nel 2006-2007, del “Gruppo di riflessione strategico” presso il Ministero degli Affari Esteri. È stata Consigliere per le relazioni internazionali dei Primi Ministri Massimo D&#8217;Alema e Giuliano Amato.</p>
<p>Nel giugno del 2003 ha ricevuto la Légion d&#8217;Honneur.</p>
<p>Nel febbraio del 2013 ha ricevuto la Gran Croce al Merito di II classe della Repubblica Federale di Germania.</p>
<p>Nel 2001 e nel 2002 ha insegnato Relazioni internazionali all&#8217;Università &#8220;La Sapienza&#8221; di Roma.</p>
<p>E&#8217; editorialista de &#8220;La Stampa&#8221;.</p>
<p>Ha scritto e curato vari studi e saggi sulle relazioni internazionali, fra cui “The Refom Decade in China: from Hope to Dismay” (Kegan Paul International, London). È autrice di “Mondo privato e altre storie” (Bollati Boringhieri, 2009).</p>

&nbsp; Marta Dassù è stata Direttore Generale per le Attività Internazionali di Aspen Institute Italia fino alla sua nomina a Sottosegretario agli Affari Esteri avvenuta il 27/11/2011. Resta Direttore della rivista Aspenia. Ha fatto parte del Comitato Scientifico di Confindustria e della Trilateral Commission. È nel Comitato Direttivo dello IAI (Istituto Affari internazionali) di Roma [&hellip;]
